{"id":29633,"date":"2025-09-10T15:49:24","date_gmt":"2025-09-10T12:49:24","guid":{"rendered":"https:\/\/tunahavuz.com\/online\/?post_type=product&#038;p=29633"},"modified":"2025-12-08T11:23:24","modified_gmt":"2025-12-08T08:23:24","slug":"aqualife-tcca-%90-50-kg","status":"publish","type":"product","link":"https:\/\/tunahavuz.com\/online\/urun\/aqualife-tcca-%90-50-kg\/","title":{"rendered":"Aqualife TCCA %90 (50 kg)"},"content":{"rendered":"<p>KULLANIM TAL\u0130MATI<\/p>\n<p>G\u00fcnl\u00fck kullan\u0131m i\u00e7in 100 m3 havuz suyuna 100-200 gr ,<\/p>\n<p>\u015eok ugulamada\u00a0 100 m3 havuz suyuna ilk 3 g\u00fcn 250-300 gr ilave edilir.<\/p>\n<p>Havuzun \u00fczerinden suya serpilir.<\/p>\n<p>Lineer kaplamal\u0131 havuzlarda direk kullan\u0131lmaz.<\/p>\n","protected":false},"excerpt":{"rendered":"<p>KULLANIM AMACI<\/p>\n<p>Havuz suyu dezenfeksiyonu i\u00e7in \u00e7abuk \u00e7\u00f6z\u00fcnen stabil aktif gran\u00fcl klor.<\/p>\n","protected":false},"featured_media":29628,"template":"","meta":[],"product_brand":[620],"product_cat":[308,341],"product_tag":[625,624,623],"class_list":{"0":"post-29633","1":"product","2":"type-product","3":"status-publish","4":"has-post-thumbnail","6":"product_brand-auqalife","7":"product_cat-havuz-kimyasallari","8":"product_cat-klorlar","9":"product_tag-aqualife-tcca-90lik-klor","10":"product_tag-havuz-kimyasali","11":"product_tag-havuz-kloru","13":"first","14":"instock","15":"taxable","16":"shipping-taxable","17":"purchasable","18":"product-type-simple"},"_links":{"self":[{"href":"https:\/\/tunahavuz.com\/online\/wp-json\/wp\/v2\/product\/29633","targetHints":{"allow":["GET"]}}],"collection":[{"href":"https:\/\/tunahavuz.com\/online\/wp-json\/wp\/v2\/product"}],"about":[{"href":"https:\/\/tunahavuz.com\/online\/wp-json\/wp\/v2\/types\/product"}],"version-history":[{"count":1,"href":"https:\/\/tunahavuz.com\/online\/wp-json\/wp\/v2\/product\/29633\/revisions"}],"predecessor-version":[{"id":29634,"href":"https:\/\/tunahavuz.com\/online\/wp-json\/wp\/v2\/product\/29633\/revisions\/29634"}],"wp:featuredmedia":[{"embeddable":true,"href":"https:\/\/tunahavuz.com\/online\/wp-json\/wp\/v2\/media\/29628"}],"wp:attachment":[{"href":"https:\/\/tunahavuz.com\/online\/wp-json\/wp\/v2\/media?parent=29633"}],"wp:term":[{"taxonomy":"product_brand","embeddable":true,"href":"https:\/\/tunahavuz.com\/online\/wp-json\/wp\/v2\/product_brand?post=29633"},{"taxonomy":"product_cat","embeddable":true,"href":"https:\/\/tunahavuz.com\/online\/wp-json\/wp\/v2\/product_cat?post=29633"},{"taxonomy":"product_tag","embeddable":true,"href":"https:\/\/tunahavuz.com\/online\/wp-json\/wp\/v2\/product_tag?post=29633"}],"curies":[{"name":"wp","href":"https:\/\/api.w.org\/{rel}","templated":true}]}}