{"id":29650,"date":"2025-09-10T16:44:31","date_gmt":"2025-09-10T13:44:31","guid":{"rendered":"https:\/\/tunahavuz.com\/online\/?post_type=product&#038;p=29650"},"modified":"2025-12-08T11:20:48","modified_gmt":"2025-12-08T08:20:48","slug":"aqualife-tcca-t200-tablet-klor-%90-25kg","status":"publish","type":"product","link":"https:\/\/tunahavuz.com\/online\/urun\/aqualife-tcca-t200-tablet-klor-%90-25kg\/","title":{"rendered":"Aqualife TCCA\/T200 Tablet Klor %90 (25kg)"},"content":{"rendered":"<p>KULLANIM TAL\u0130MATI<\/p>\n<p>Haftal\u0131k kullan\u0131m i\u00e7in\u00a0 100 m3 havuz suyuna 4 adet\u00a0 \u00fcr\u00fcn tabletleri direk skimmerlere veya klorinat\u00f6rlere konulur.<\/p>\n<p>Tabletleri do\u011frudan havuz taban\u0131na atmay\u0131n\u0131z<\/p>\n","protected":false},"excerpt":{"rendered":"<p>KULLANIM AMACI<\/p>\n<p>Havuz suyu dezenfeksiyonu i\u00e7in \u00e7abuk \u00e7\u00f6z\u00fcnen stabil 200 gr l\u0131k tablet klor<\/p>\n","protected":false},"featured_media":29645,"template":"","meta":[],"product_brand":[620],"product_cat":[308,341],"product_tag":[626,624,627],"class_list":{"0":"post-29650","1":"product","2":"type-product","3":"status-publish","4":"has-post-thumbnail","6":"product_brand-auqalife","7":"product_cat-havuz-kimyasallari","8":"product_cat-klorlar","9":"product_tag-aqualife-tablet-klor","10":"product_tag-havuz-kimyasali","11":"product_tag-havuz-tablet-kloru","13":"first","14":"instock","15":"taxable","16":"shipping-taxable","17":"purchasable","18":"product-type-simple"},"_links":{"self":[{"href":"https:\/\/tunahavuz.com\/online\/wp-json\/wp\/v2\/product\/29650","targetHints":{"allow":["GET"]}}],"collection":[{"href":"https:\/\/tunahavuz.com\/online\/wp-json\/wp\/v2\/product"}],"about":[{"href":"https:\/\/tunahavuz.com\/online\/wp-json\/wp\/v2\/types\/product"}],"version-history":[{"count":1,"href":"https:\/\/tunahavuz.com\/online\/wp-json\/wp\/v2\/product\/29650\/revisions"}],"predecessor-version":[{"id":29651,"href":"https:\/\/tunahavuz.com\/online\/wp-json\/wp\/v2\/product\/29650\/revisions\/29651"}],"wp:featuredmedia":[{"embeddable":true,"href":"https:\/\/tunahavuz.com\/online\/wp-json\/wp\/v2\/media\/29645"}],"wp:attachment":[{"href":"https:\/\/tunahavuz.com\/online\/wp-json\/wp\/v2\/media?parent=29650"}],"wp:term":[{"taxonomy":"product_brand","embeddable":true,"href":"https:\/\/tunahavuz.com\/online\/wp-json\/wp\/v2\/product_brand?post=29650"},{"taxonomy":"product_cat","embeddable":true,"href":"https:\/\/tunahavuz.com\/online\/wp-json\/wp\/v2\/product_cat?post=29650"},{"taxonomy":"product_tag","embeddable":true,"href":"https:\/\/tunahavuz.com\/online\/wp-json\/wp\/v2\/product_tag?post=29650"}],"curies":[{"name":"wp","href":"https:\/\/api.w.org\/{rel}","templated":true}]}}