{"id":29658,"date":"2025-09-10T17:02:28","date_gmt":"2025-09-10T14:02:28","guid":{"rendered":"https:\/\/tunahavuz.com\/online\/?post_type=product&#038;p=29658"},"modified":"2025-12-08T11:19:06","modified_gmt":"2025-12-08T08:19:06","slug":"aqualife-parlatici-surekli-temizleyici-20-kg","status":"publish","type":"product","link":"https:\/\/tunahavuz.com\/online\/urun\/aqualife-parlatici-surekli-temizleyici-20-kg\/","title":{"rendered":"Aqualife FL \u0130norganik \u00c7\u00f6kt\u00fcr\u00fcc\u00fc (20 kg)"},"content":{"rendered":"<p>KULLANIM TAL\u0130MATI<\/p>\n<p>Gerekti\u011finde 10-20 gr\/m3 havuzlara %15 lik \u00e7\u00f6zelti halinde direk verilir.<\/p>\n<p>Dozaj pompas\u0131na verilmesi durumunda konsantrasyon %5 tavsiye edilir.<\/p>\n","protected":false},"excerpt":{"rendered":"<p>KULLANIM AMACI<\/p>\n<p>Havuz sular\u0131ndaki kolleidal par\u00e7ac\u0131klar\u0131 \u00e7\u00f6kt\u00fcren ve filtre edilerek ortamdan uzakla\u015fmas\u0131n\u0131 sa\u011flayan \u00f6zel \u00e7\u00f6kt\u00fcr\u00fcc\u00fcd\u00fcr.<\/p>\n","protected":false},"featured_media":29659,"template":"","meta":[],"product_brand":[620],"product_cat":[564,308],"product_tag":[634],"class_list":{"0":"post-29658","1":"product","2":"type-product","3":"status-publish","4":"has-post-thumbnail","6":"product_brand-auqalife","7":"product_cat-cokturucu","8":"product_cat-havuz-kimyasallari","9":"product_tag-aqualife-cokturucu","11":"first","12":"instock","13":"taxable","14":"shipping-taxable","15":"purchasable","16":"product-type-simple"},"_links":{"self":[{"href":"https:\/\/tunahavuz.com\/online\/wp-json\/wp\/v2\/product\/29658","targetHints":{"allow":["GET"]}}],"collection":[{"href":"https:\/\/tunahavuz.com\/online\/wp-json\/wp\/v2\/product"}],"about":[{"href":"https:\/\/tunahavuz.com\/online\/wp-json\/wp\/v2\/types\/product"}],"version-history":[{"count":3,"href":"https:\/\/tunahavuz.com\/online\/wp-json\/wp\/v2\/product\/29658\/revisions"}],"predecessor-version":[{"id":29664,"href":"https:\/\/tunahavuz.com\/online\/wp-json\/wp\/v2\/product\/29658\/revisions\/29664"}],"wp:featuredmedia":[{"embeddable":true,"href":"https:\/\/tunahavuz.com\/online\/wp-json\/wp\/v2\/media\/29659"}],"wp:attachment":[{"href":"https:\/\/tunahavuz.com\/online\/wp-json\/wp\/v2\/media?parent=29658"}],"wp:term":[{"taxonomy":"product_brand","embeddable":true,"href":"https:\/\/tunahavuz.com\/online\/wp-json\/wp\/v2\/product_brand?post=29658"},{"taxonomy":"product_cat","embeddable":true,"href":"https:\/\/tunahavuz.com\/online\/wp-json\/wp\/v2\/product_cat?post=29658"},{"taxonomy":"product_tag","embeddable":true,"href":"https:\/\/tunahavuz.com\/online\/wp-json\/wp\/v2\/product_tag?post=29658"}],"curies":[{"name":"wp","href":"https:\/\/api.w.org\/{rel}","templated":true}]}}