{"id":29679,"date":"2025-09-10T18:00:11","date_gmt":"2025-09-10T15:00:11","guid":{"rendered":"https:\/\/tunahavuz.com\/online\/?post_type=product&#038;p=29679"},"modified":"2026-02-12T13:03:45","modified_gmt":"2026-02-12T10:03:45","slug":"powerpool-3-00-hp-majeuerx-trifaze-pompa","status":"publish","type":"product","link":"https:\/\/tunahavuz.com\/online\/urun\/powerpool-3-00-hp-majeuerx-trifaze-pompa\/","title":{"rendered":"Powerpool 3.00 Hp Majeuerx Trifaze Pompa"},"content":{"rendered":"<div data-test-id=\"ProductDescription\">\n<div class=\"container\">\n<div>\n<div id=\"ProductDescription_938782d5-f0d3-4963-cbe3-ff9520d35e38\" class=\"sf-voltran-body voltran-body full ProductDescription\">\n<div>\n<div class=\"sf-ProductDescription-ELfL1tuePGs5IVj8XHGy sf-ProductDescription-tYca0g5oi89GEwAF2LCe productDescriptionContent\">\n<div>\n<h3>Powerpool 3.00 Hp Majeuerx Trifaze Pompa<\/h3>\n<p data-start=\"70\" data-end=\"372\"><span style=\"font-family: Cambria;\">Bu pompa, y\u00fcksek dayan\u0131kl\u0131l\u0131k ve uzun \u00f6m\u00fcr sa\u011flamak amac\u0131yla \u00f6zenle tasarlanm\u0131\u015ft\u0131r. Pompa g\u00f6vdesi, pompa aya\u011f\u0131 ve dif\u00fcz\u00f6r, \u015feffaf camdan yap\u0131lm\u0131\u015f olup, y\u00fckl\u00fc polipropilen (PPO) malzemesi ile g\u00fc\u00e7lendirilmi\u015ftir. PPO malzemesinden \u00fcretilen \u00e7ark ve conta tertibat\u0131, y\u00fcksek performans ve g\u00fcvenilirlik sunar.<\/span><\/p>\n<p data-start=\"374\" data-end=\"663\"><span style=\"font-family: Cambria;\">Paslanmaz \u00e7elik AISI-420 motor mili, IP55 koruma s\u0131n\u0131f\u0131 ile toza ve suya kar\u015f\u0131 tam koruma sa\u011flar, b\u00f6ylece zorlu \u00e7al\u0131\u015fma ko\u015fullar\u0131nda dahi g\u00fcvenle \u00e7al\u0131\u015f\u0131r. Burgmann markal\u0131, grafit ve seramik malzemeden \u00fcretilen mekanik salmastra, s\u0131zd\u0131rmazl\u0131k sa\u011flarken y\u00fcksek verimlilik ve g\u00fcvenlik sunar.<\/span><\/p>\n<p data-start=\"665\" data-end=\"889\"><span style=\"font-family: Cambria;\">Al\u00fcminyum motor g\u00f6vdesi, L-2521 ala\u015f\u0131m\u0131yla \u00fcretilmi\u015f olup, F s\u0131n\u0131f\u0131 yal\u0131t\u0131m sayesinde y\u00fcksek s\u0131cakl\u0131k dayan\u0131m\u0131na sahiptir. Pompa, s\u00fcrekli \u00e7al\u0131\u015fma ko\u015fullar\u0131nda dahi \u00fcst\u00fcn performans g\u00f6sterir ve kesintisiz bir kullan\u0131m sa\u011flar.<\/span><\/p>\n<p data-start=\"891\" data-end=\"1037\" data-is-last-node=\"\"><span style=\"font-family: Cambria;\">T\u00fcm bu \u00f6zellikleriyle, verimli, g\u00fcvenli ve uzun \u00f6m\u00fcrl\u00fc bir \u00e7al\u0131\u015fma deneyimi sunan bu pompa, her t\u00fcrl\u00fc end\u00fcstriyel ihtiya\u00e7 i\u00e7in ideal bir \u00e7\u00f6z\u00fcmd\u00fcr.<\/span><\/p>\n<\/div>\n<div id=\"ctl00_ContentPlaceHolder1_ProductControl1_MainControl1_TabControl1_ProductDescription1_CustomContentBottom\"><\/div>\n<div id=\"ccs-inline-content\" class=\"cnet-integration\"><\/div>\n<\/div>\n<\/div>\n<\/div>\n<\/div>\n<\/div>\n<\/div>\n<div id=\"techSpecs\" class=\"nXuZT1Pzi4C7_3wEWOdj\" data-test-id=\"KeyFeaturesTable\" data-hbus=\"{&quot;events&quot;:{&quot;view&quot;:[&quot;davinci&quot;]},&quot;data&quot;:{&quot;eventName&quot;:&quot;ComponentView&quot;,&quot;placement&quot;:&quot;Product Description&quot;,&quot;component&quot;:&quot;Key Features Table&quot;,&quot;component_detail&quot;:&quot;\u00dcr\u00fcn Bilgileri&quot;,&quot;category_hierarchy&quot;:&quot;&quot;,&quot;page_type&quot;:&quot;pdp&quot;,&quot;page_value&quot;:&quot;HBCV00006MIQ4N&quot;,&quot;position&quot;:&quot;&quot;,&quot;product_id&quot;:&quot;HBC00006MIQ4M&quot;,&quot;merchant_name&quot;:&quot;E-Pool Market&quot;,&quot;merchant_id&quot;:&quot;5862189d-4069-408d-9005-6396f11d2cdd&quot;,&quot;listing_id&quot;:&quot;f6582a0b-67e6-4bd3-8c5e-ce8ee7ca5c2f&quot;,&quot;price&quot;:&quot;23684.84&quot;,&quot;componentType&quot;:&quot;&quot;,&quot;component_order&quot;:&quot;&quot;,&quot;url&quot;:&quot;&quot;,&quot;payment_options&quot;:[],&quot;price_range&quot;:&quot;&quot;,&quot;other_seller&quot;:[],&quot;ABTest&quot;:&quot;&quot;,&quot;displayTextType&quot;:&quot;&quot;,&quot;popularSearches&quot;:[],&quot;contentGroupId&quot;:&quot;&quot;,&quot;contentId&quot;:&quot;&quot;},&quot;type&quot;:&quot;componentView&quot;}\">\n<div class=\"EMxlbecD_wwvmQITkhq1\">\u00dcr\u00fcn \u00f6zellikleri<\/div>\n<div class=\"EszDyx7JOHZtHsQ3ga5s\">\n<div class=\"jkj4C4LML4qv2Iq8GkL3\">\n<div class=\"OXP5AzPvafgN_i3y6wGp\">Garanti S\u00fcresi (Ay)1<\/div>\n<\/div>\n<\/div>\n<\/div>\n","protected":false},"excerpt":{"rendered":"<p>Powerpool 3.00 Hp Majeuerx Trifaze Pompa Bu pompa, y\u00fcksek dayan\u0131kl\u0131l\u0131k ve uzun \u00f6m\u00fcr sa\u011flamak amac\u0131yla \u00f6zenle tasarlanm\u0131\u015ft\u0131r. Pompa g\u00f6vdesi, pompa<\/p>\n","protected":false},"featured_media":29673,"template":"","meta":[],"product_brand":[638],"product_cat":[313,314],"product_tag":[644,639],"class_list":{"0":"post-29679","1":"product","2":"type-product","3":"status-publish","4":"has-post-thumbnail","6":"product_brand-powerpool","7":"product_cat-havuz-pompalari","8":"product_cat-havuz-pompalari-havuz-pompalari","9":"product_tag-3-hp-havuz-pompasi","10":"product_tag-powerpool-havuz-pompasi","12":"first","13":"instock","14":"taxable","15":"shipping-taxable","16":"purchasable","17":"product-type-simple"},"_links":{"self":[{"href":"https:\/\/tunahavuz.com\/online\/wp-json\/wp\/v2\/product\/29679","targetHints":{"allow":["GET"]}}],"collection":[{"href":"https:\/\/tunahavuz.com\/online\/wp-json\/wp\/v2\/product"}],"about":[{"href":"https:\/\/tunahavuz.com\/online\/wp-json\/wp\/v2\/types\/product"}],"version-history":[{"count":1,"href":"https:\/\/tunahavuz.com\/online\/wp-json\/wp\/v2\/product\/29679\/revisions"}],"predecessor-version":[{"id":29680,"href":"https:\/\/tunahavuz.com\/online\/wp-json\/wp\/v2\/product\/29679\/revisions\/29680"}],"wp:featuredmedia":[{"embeddable":true,"href":"https:\/\/tunahavuz.com\/online\/wp-json\/wp\/v2\/media\/29673"}],"wp:attachment":[{"href":"https:\/\/tunahavuz.com\/online\/wp-json\/wp\/v2\/media?parent=29679"}],"wp:term":[{"taxonomy":"product_brand","embeddable":true,"href":"https:\/\/tunahavuz.com\/online\/wp-json\/wp\/v2\/product_brand?post=29679"},{"taxonomy":"product_cat","embeddable":true,"href":"https:\/\/tunahavuz.com\/online\/wp-json\/wp\/v2\/product_cat?post=29679"},{"taxonomy":"product_tag","embeddable":true,"href":"https:\/\/tunahavuz.com\/online\/wp-json\/wp\/v2\/product_tag?post=29679"}],"curies":[{"name":"wp","href":"https:\/\/api.w.org\/{rel}","templated":true}]}}