{"id":8945,"date":"2022-12-16T01:05:32","date_gmt":"2022-12-15T22:05:32","guid":{"rendered":"https:\/\/tunahavuz.com\/?post_type=product&#038;p=8945"},"modified":"2025-08-07T12:45:22","modified_gmt":"2025-08-07T09:45:22","slug":"seko-dijital-olcum-cihazli-ph-redox-dozaj-pompasi-8-lt-2-bar-tpr-model","status":"publish","type":"product","link":"https:\/\/tunahavuz.com\/online\/urun\/seko-dijital-olcum-cihazli-ph-redox-dozaj-pompasi-8-lt-2-bar-tpr-model\/","title":{"rendered":"Seko Dijital \u00d6l\u00e7\u00fcm Cihazl\u0131 Ph\/Redox Dozaj Pompas\u0131 8 Lt &#8211; 2 Bar TPR Model"},"content":{"rendered":"<h1>Seko Dijital \u00d6l\u00e7\u00fcm Cihazl\u0131 Dozaj Pompas\u0131\u00a0 TPR Model<\/h1>\n<p>Dijital Ph\/Redox \u00d6l\u00e7\u00fcm Cihazl\u0131\u00a0Dozaj Pompalar\u0131<\/p>\n<div>\u00b7\u00a0IP 65 korumal\u0131,<\/div>\n<div>\u00b7 Mikroprosesli<\/div>\n<div>\u00b7 100-240 Vac, 50-60 Hz<\/div>\n<div>\u00b7 Tank \u00fczeri ve duvar montaj\u0131na uygun<\/div>\n<div>\u00b7 +-999mV veya 0-14 pH<\/div>\n<div>\u00b7 LCD parlak ekranl\u0131<\/div>\n<div>\u00b7 4-20mA ve alarm \u00e7\u0131k\u0131\u015fl\u0131<\/div>\n<div>\u00b7\u00a012 bar 4 lt\/h<\/div>\n<div>\u00b7 Seviye sensor giri\u015fli<\/div>\n<div>\u00b7 2&#215;1,5 m hortum<\/div>\n<div>\u00b7 PVDF pompa kafal\u0131<\/div>\n<div>\u00b7 Seramik vanal\u0131 Ph\/Redox \u00f6l\u00e7\u00fcm\u00fc yapan solenoid pompa<\/div>\n<div><\/div>\n<div><\/div>\n<div><img decoding=\"async\" src=\"https:\/\/www.havuzdan.com\/class\/INNOVAEditor\/assets\/Neta_dozaj_pompalar%C4%B1_dijital_ph_redox_%C3%B6l%C3%A7%C3%BCm_cihaz%C4%B1_8.png\" alt=\"\" border=\"0\" \/><\/div>\n<div><\/div>\n<div><img decoding=\"async\" src=\"https:\/\/www.havuzdan.com\/class\/INNOVAEditor\/assets\/Neta_dozaj_pompalar%C4%B1_dijital_ph_redox_%C3%B6l%C3%A7%C3%BCm_cihaz%C4%B1_7.png\" alt=\"\" border=\"0\" \/><\/div>\n<div><\/div>\n<div>\n<p>Talep \u00fczerine \u00e7e\u015fitli se\u00e7enekler ve versiyonlar mevcuttur.<\/p>\n<p>Profesyoneller yada Bireyseller i\u00e7in y\u00fcksek kaliteli markalar\u0131, teknolojiye uygun \u00fcr\u00fcnleri <strong>Tuna Havuz<\/strong> olarak<br \/>\nT\u00fcrkiye\u2019nin d\u00f6rt bir yan\u0131na sunmaktay\u0131z. Ev Havuzu, Y\u00fczme Havuzu, Olimpik Havuzlar, Bah\u00e7e Havuzlar\u0131, G\u00f6letler ve<br \/>\nT\u00fcm Havuz \u0130htiya\u00e7lar\u0131n\u0131z\u0131 tam ve eksiksiz sa\u011flayabilmek i\u00e7in bir telefon kadar yak\u0131n\u0131n\u0131zday\u0131z&#8230;<\/p>\n<\/div>\n","protected":false},"excerpt":{"rendered":"<p>Seko Dijital \u00d6l\u00e7\u00fcm Cihazl\u0131 Dozaj Pompas\u0131\u00a0 TPR Model Dijital Ph\/Redox \u00d6l\u00e7\u00fcm Cihazl\u0131\u00a0Dozaj Pompalar\u0131 \u00b7\u00a0IP 65 korumal\u0131, \u00b7 Mikroprosesli \u00b7 100-240<\/p>\n","protected":false},"featured_media":8946,"template":"","meta":[],"product_brand":[],"product_cat":[254,340],"product_tag":[],"class_list":{"0":"post-8945","1":"product","2":"type-product","3":"status-publish","4":"has-post-thumbnail","6":"product_cat-dozajlama-sistemleri","7":"product_cat-klor-ph-dozajlama","9":"first","10":"instock","11":"taxable","12":"shipping-taxable","13":"product-type-simple"},"_links":{"self":[{"href":"https:\/\/tunahavuz.com\/online\/wp-json\/wp\/v2\/product\/8945","targetHints":{"allow":["GET"]}}],"collection":[{"href":"https:\/\/tunahavuz.com\/online\/wp-json\/wp\/v2\/product"}],"about":[{"href":"https:\/\/tunahavuz.com\/online\/wp-json\/wp\/v2\/types\/product"}],"version-history":[{"count":1,"href":"https:\/\/tunahavuz.com\/online\/wp-json\/wp\/v2\/product\/8945\/revisions"}],"predecessor-version":[{"id":29614,"href":"https:\/\/tunahavuz.com\/online\/wp-json\/wp\/v2\/product\/8945\/revisions\/29614"}],"wp:featuredmedia":[{"embeddable":true,"href":"https:\/\/tunahavuz.com\/online\/wp-json\/wp\/v2\/media\/8946"}],"wp:attachment":[{"href":"https:\/\/tunahavuz.com\/online\/wp-json\/wp\/v2\/media?parent=8945"}],"wp:term":[{"taxonomy":"product_brand","embeddable":true,"href":"https:\/\/tunahavuz.com\/online\/wp-json\/wp\/v2\/product_brand?post=8945"},{"taxonomy":"product_cat","embeddable":true,"href":"https:\/\/tunahavuz.com\/online\/wp-json\/wp\/v2\/product_cat?post=8945"},{"taxonomy":"product_tag","embeddable":true,"href":"https:\/\/tunahavuz.com\/online\/wp-json\/wp\/v2\/product_tag?post=8945"}],"curies":[{"name":"wp","href":"https:\/\/api.w.org\/{rel}","templated":true}]}}