{"id":8988,"date":"2022-12-16T01:40:14","date_gmt":"2022-12-15T22:40:14","guid":{"rendered":"https:\/\/tunahavuz.com\/?post_type=product&#038;p=8988"},"modified":"2025-08-07T12:43:03","modified_gmt":"2025-08-07T09:43:03","slug":"seko-dozaj-pompasi-orp-elektrodu-15-mt-kabloluwf-sk","status":"publish","type":"product","link":"https:\/\/tunahavuz.com\/online\/urun\/seko-dozaj-pompasi-orp-elektrodu-15-mt-kabloluwf-sk\/","title":{"rendered":"Seko Dozaj Pompas\u0131 ORP Elektrodu 1,5 mt kabloluWF\/SK"},"content":{"rendered":"<h1>Seko Dozaj Pompas\u0131 ORP Elektrodu<\/h1>\n<h1><\/h1>\n<h1><\/h1>\n<h2>DOZAJ POMPASI ORP ELEKTRODU<\/h2>\n<p>&nbsp;<\/p>\n<ul>\n<li>Standart kombine elektrodlar ile PH, ORP \u00f6l\u00e7\u00fcm\u00fc.<\/li>\n<\/ul>\n<ul>\n<li>Tampon s\u0131v\u0131lar kullanarak, ayar \u00e7ubu\u011fu, tornavida vb. gerektirmeden tamamen dijital ayarlama ve otomatik kalibrasyon.<\/li>\n<\/ul>\n<ul>\n<li>Y\u00fcksek \u00e7al\u0131\u015fma g\u00fcvenli\u011fi, elektrik izolasyonu, nem, asit ve klor buhar\u0131na kar\u015f\u0131 tam yal\u0131t\u0131m.<\/li>\n<\/ul>\n<ul>\n<li>Kolay ve esnek kurulum ve kullan\u0131m.<\/li>\n<\/ul>\n<ul>\n<li>Mikro kontrol\u00f6r teknolojisi.<\/li>\n<\/ul>\n<ul>\n<li>Bol yedek par\u00e7a ve sorunsuz servis imkan\u0131<\/li>\n<\/ul>\n<ul>\n<li>Epoksi g\u00f6vde<\/li>\n<\/ul>\n<ul>\n<li>60\u02daC&#8217;ye kadar \u00e7al\u0131\u015fabilme \u00f6zelli\u011fi<\/li>\n<\/ul>\n<p>&nbsp;<\/p>\n<ul>\n<li>1,5 mt Kablolu<\/li>\n<\/ul>\n<p>&nbsp;<\/p>\n<p>&nbsp;<\/p>\n<h1><\/h1>\n<h1><img decoding=\"async\" src=\"https:\/\/www.havuzdan.com\/class\/INNOVAEditor\/assets\/NETA%20orp%20elektrodu.png\" alt=\"\" border=\"0\" \/><\/h1>\n<h1><\/h1>\n<p>Talep \u00fczerine \u00e7e\u015fitli se\u00e7enekler ve versiyonlar mevcuttur.<\/p>\n<p>Profesyoneller yada Bireyseller i\u00e7in y\u00fcksek kaliteli markalar\u0131, teknolojiye uygun \u00fcr\u00fcnleri <strong>Tuna Havuz<\/strong> olarak<br \/>\nT\u00fcrkiye\u2019nin d\u00f6rt bir yan\u0131na sunmaktay\u0131z. Ev Havuzu, Y\u00fczme Havuzu, Olimpik Havuzlar, Bah\u00e7e Havuzlar\u0131, G\u00f6letler ve<br \/>\nT\u00fcm Havuz \u0130htiya\u00e7lar\u0131n\u0131z\u0131 tam ve eksiksiz sa\u011flayabilmek i\u00e7in bir telefon kadar yak\u0131n\u0131n\u0131zday\u0131z&#8230;<\/p>\n","protected":false},"excerpt":{"rendered":"<p>Seko Dozaj Pompas\u0131 ORP Elektrodu DOZAJ POMPASI ORP ELEKTRODU &nbsp; Standart kombine elektrodlar ile PH, ORP \u00f6l\u00e7\u00fcm\u00fc. Tampon s\u0131v\u0131lar kullanarak,<\/p>\n","protected":false},"featured_media":8989,"template":"","meta":[],"product_brand":[],"product_cat":[254,458],"product_tag":[],"class_list":{"0":"post-8988","1":"product","2":"type-product","3":"status-publish","4":"has-post-thumbnail","6":"product_cat-dozajlama-sistemleri","7":"product_cat-sensorler-yedek-parcalar","9":"first","10":"instock","11":"taxable","12":"shipping-taxable","13":"product-type-simple"},"_links":{"self":[{"href":"https:\/\/tunahavuz.com\/online\/wp-json\/wp\/v2\/product\/8988","targetHints":{"allow":["GET"]}}],"collection":[{"href":"https:\/\/tunahavuz.com\/online\/wp-json\/wp\/v2\/product"}],"about":[{"href":"https:\/\/tunahavuz.com\/online\/wp-json\/wp\/v2\/types\/product"}],"version-history":[{"count":1,"href":"https:\/\/tunahavuz.com\/online\/wp-json\/wp\/v2\/product\/8988\/revisions"}],"predecessor-version":[{"id":29597,"href":"https:\/\/tunahavuz.com\/online\/wp-json\/wp\/v2\/product\/8988\/revisions\/29597"}],"wp:featuredmedia":[{"embeddable":true,"href":"https:\/\/tunahavuz.com\/online\/wp-json\/wp\/v2\/media\/8989"}],"wp:attachment":[{"href":"https:\/\/tunahavuz.com\/online\/wp-json\/wp\/v2\/media?parent=8988"}],"wp:term":[{"taxonomy":"product_brand","embeddable":true,"href":"https:\/\/tunahavuz.com\/online\/wp-json\/wp\/v2\/product_brand?post=8988"},{"taxonomy":"product_cat","embeddable":true,"href":"https:\/\/tunahavuz.com\/online\/wp-json\/wp\/v2\/product_cat?post=8988"},{"taxonomy":"product_tag","embeddable":true,"href":"https:\/\/tunahavuz.com\/online\/wp-json\/wp\/v2\/product_tag?post=8988"}],"curies":[{"name":"wp","href":"https:\/\/api.w.org\/{rel}","templated":true}]}}