{"id":9001,"date":"2022-12-16T02:04:49","date_gmt":"2022-12-15T23:04:49","guid":{"rendered":"https:\/\/tunahavuz.com\/?post_type=product&#038;p=9001"},"modified":"2025-08-07T12:42:32","modified_gmt":"2025-08-07T09:42:32","slug":"zodiac-ei2-expert-25-gr-tuz-klor-jeneratoru","status":"publish","type":"product","link":"https:\/\/tunahavuz.com\/online\/urun\/zodiac-ei2-expert-25-gr-tuz-klor-jeneratoru\/","title":{"rendered":"Zodiac ei2 Expert 25 gr. Tuz Klor Jenerat\u00f6r\u00fc"},"content":{"rendered":"<div>\n<h1>ZODIAC ei2 EXPERT TUZ KLOR JENERAT\u00d6R\u00dc 25 Gr.<\/h1>\n<h2>ZODIAC TUZ KLOR JENERAT\u00d6R\u00dc<\/h2>\n<\/div>\n<div><img decoding=\"async\" src=\"https:\/\/havuzdan.myideasoft.com\/class\/INNOVAEditor\/assets\/ZODIACE2IPH\/E2%C4%B0%20TUZ%20KLOR%20JENERAT%C3%96R%C3%9C.png\" alt=\"\" border=\"0\" \/><\/p>\n<div>\n<div><\/div>\n<div>110 M\u00b3&#8217;e havuzlar i\u00e7in kullan\u0131ma uygundur.<br \/>\nSaatte 25 gram tuz \u00fcretim kapasitesine sahiptir.<br \/>\nKolay montaj edilir, kullan\u0131c\u0131lar\u0131n basit bir \u015fekilde<\/div>\n<div>montaj yapmas\u0131 amac\u0131yla tasarlanm\u0131\u015ft\u0131r.<\/div>\n<div>Kurulum i\u00e7in bir \u015farjl\u0131 matkap ve bir tornavida yeterli olacakt\u0131r.<\/div>\n<div><\/div>\n<div>Ola\u011fan\u00fcst\u00fc dayan\u0131kl\u0131l\u0131k<br \/>\nT\u00fcm montaj tiplerine uyumlu<br \/>\nKontroll\u00fc klor \u00fcretimi<br \/>\nKlor \u00fcretimini otomatik olarak azaltan \u00f6rt\u00fc modu<\/div>\n<\/div>\n<div><\/div>\n<div>\n<div>Zodiac Tuz Klor Jenerat\u00f6r\u00fc ei2 Expert Teknik \u00d6zellikleri<br \/>\nAyd\u0131nlatmal\u0131 Lcd Ekran T\u00fcrk\u00e7e Men\u00fc Se\u00e7enekleri<br \/>\nBasit ve kolay montaj<br \/>\nKendi kendini temizleyen h\u00fccre<br \/>\nZaman saatli 24saat\/2 zaman saatli<br \/>\n\u00c7al\u0131\u015fma modlar\u0131 yazl\u0131k k\u0131\u015fl\u0131k mod %100 ve %10 aras\u0131nda klor \u00fcremini ayarlama imkan\u0131<br \/>\nUzun \u00f6m\u00fcrl\u00fc y\u00fczey i\u015flemine sahip titanyum elektrot<br \/>\n60-100-140 Watt\/s g\u00fc\u00e7 kullan\u0131m\u0131<br \/>\n220-240 V AC 50 Hz g\u00fc\u00e7 kayna\u011f\u0131<br \/>\nKlor \u00dcretimi, 10 gr\/s 18gr\/s 25gr\/s<br \/>\nG\u00fc\u00e7 kayna\u011f\u0131: 220-240 VAC (50 Hz)<br \/>\nMinimum Ak\u0131\u015f:\u00a05 m3\/s<br \/>\nMaksimum Ak\u0131\u015f:\u00a018 m3\/s \u00fczerinde,<br \/>\nH\u00fccrenin\u00a0baypas\u00a0hatt\u0131 ile tak\u0131lmas\u0131n\u0131 tavsiye ederiz.<br \/>\nMaksimum Birim Bas\u0131nc\u0131:\u00a0275 KPa = 2.75 bar<\/div>\n<div>Maksimum Su S\u0131cakl\u0131\u011f\u0131:\u00a040\u00b0C<\/div>\n<div>Min. Gerekli Tuz Seviyesi:\u00a04 g\/l (minimum 3 g\/l \u2013 max. 13 g\/l )<br \/>\nBirim Konumu:\u00a0yatay, d\u0131\u015ftan alta<br \/>\nBirim Ebat\u0131:\u00a0uzunluk ve y\u00fckseklik 270 x 80 mm<br \/>\nBirim ile kumanda kutusu aras\u0131ndaki kablo uzunlu\u011fu=1,8m<br \/>\nAk\u0131\u015f h\u00fc\u00e7resi Q63 ve Q50 Havuz borular\u0131na montaj\u0131 yap\u0131la bilmektedir.<br \/>\nH\u00fccre \u00e7al\u0131\u015fma \u00f6mr\u00fc 7500 saat<br \/>\nD\u00fc\u015f\u00fck tuz ikaz \u0131\u015f\u0131\u011f\u0131<br \/>\nSu ak\u0131\u015f\u0131 yok ikaz \u0131\u015f\u0131\u011f\u0131<br \/>\nTuz klor jenerat\u00f6r\u00fc 1,5 mt.<\/div>\n<div><\/div>\n<h3>\u00a0ZODIAC Ei2 MONTAJ PROGRAMI<\/h3>\n<div><img decoding=\"async\" src=\"https:\/\/havuzdan.myideasoft.com\/class\/INNOVAEditor\/assets\/ZODIACE2IPH\/E2%C4%B0%20TUZ%20KLOR%20JENERAT%C3%96R%C3%9Cmontaj%20program%C4%B1.png\" alt=\"\" border=\"0\" \/><\/div>\n<div><\/div>\n<\/div>\n<div>\n<div><\/div>\n<div><\/div>\n<div>Tuz klor jenerat\u00f6r\u00fc, havuz suyunda tuzdan klor \u00fcreterek iki ana parametreden biri olan kloru \u00fcretir.<\/div>\n<div>Havuz suyuna 1 ton suya 4 kg tuz eklenerek elektroliz y\u00f6ntemiyle klor \u00fcretir. Cihaz saatte 25 gram klor \u00fcretme kapasitesine sahiptir.<\/div>\n<div>\n<div>110 m\u00b3 (ton) &#8216;e kadar olan havuzlar i\u00e7in verimli bir \u015fekilde \u00e7al\u0131\u015f\u0131r.<\/div>\n<p>Ph kontrol sistemi ise sudaki ph&#8217;\u0131 otomatik olarak \u00f6l\u00e7er ve ph y\u00fcksek ise ph seviyesini d\u00fc\u015f\u00fcr\u00fcr.<\/p><\/div>\n<div>\u0130stenilen ph set de\u011feri ekrana girilerek ( tavsiye edilen en iyi ph aral\u0131\u011f\u0131 7,0-7,4 ) \u00f6rne\u011fin 7,4 girilirse,<\/div>\n<div>havuz suyunun ph&#8217;\u0131 7,5 veya 7,6 oldu\u011funda sistem otomatik olarak \u00e7al\u0131\u015f\u0131r ve ph&#8217;\u0131 7,4&#8217;e d\u00fc\u015f\u00fcr\u00fcr.<\/div>\n<div>Havuz suyunun ph&#8217;\u0131 7,3 ise ph dozajlamas\u0131 yapmaz. Ph sistemi i\u00e7in s\u0131v\u0131 ph d\u00fc\u015f\u00fcr\u00fcc\u00fc kullan\u0131l\u0131r.<\/div>\n<div>Sistem ihtiya\u00e7 olan ph&#8217;\u0131, ph bidonu veya tank\u0131ndan \u00e7ekerek havuz ba\u011flant\u0131s\u0131na enjekte eder.<\/div>\n<div>\n<div>Ph kontrol sistemi makine dairesine kurulur, havuz borulama sistemine \u00f6l\u00e7\u00fcm sens\u00f6r\u00fc ve basma enjekt\u00f6r\u00fc ba\u011flan\u0131r.<\/div>\n<div>Zodiac Tuz Klor Jenerat\u00f6r\u00fc \u00d6zellikleri<\/div>\n<div>Cihaz, saatte 25 gram klor \u00fcretme kapasitesine sahiptir.<\/div>\n<div>70-110 m\u00b3 (ton) havuzlar i\u00e7in kullan\u0131m\u0131 uygundur.<\/div>\n<div>Kire\u00e7lenmeye kar\u015f\u0131 elektrotunu belirli aral\u0131klarla temizleme \u00f6zelli\u011fine sahiptir.<\/div>\n<div>2 sat\u0131r ayd\u0131nlatmal\u0131 LCD ekran ve T\u00fcrk\u00e7e dil se\u00e7ene\u011fi.<\/div>\n<div>Yaz-k\u0131\u015f \u00e7al\u0131\u015fma modu.<\/div>\n<div>Cihaz\u0131n temizlik ama\u00e7l\u0131 kutup de\u011fi\u015fimi, suyun sertlik derecesine g\u00f6re 1-8 saat aral\u0131\u011f\u0131nda ayarlanabilir.<\/div>\n<div>G\u00fcvenlik olarak d\u00fc\u015f\u00fck tuz ve ak\u0131\u015f yok ikaz \u0131\u015f\u0131\u011f\u0131.<\/div>\n<div>Elektrotlar titanyumdan \u00fcretilmi\u015ftir ve ortalama 7500 saat \u00f6m\u00fcrl\u00fcd\u00fcr.<\/div>\n<div>Cihaz mevcut her havuza kolayl\u0131kla monte edilebilir.<\/div>\n<div>Cihaz tercihe g\u00f6re yatay ve dikey montaj yap\u0131labilir.<\/div>\n<\/div>\n<div><\/div>\n<div><img decoding=\"async\" src=\"https:\/\/www.havuzdan.com\/class\/INNOVAEditor\/assets\/PAKETEDAH%C4%B0L123123.png\" alt=\"\" border=\"0\" \/><\/div>\n<div><\/div>\n<div>\n<div>2 Y\u0131l Garanti S\u00fcresi<\/div>\n<div>\n<p>Talep \u00fczerine \u00e7e\u015fitli se\u00e7enekler ve versiyonlar mevcuttur.<\/p>\n<p>Profesyoneller yada Bireyseller i\u00e7in y\u00fcksek kaliteli markalar\u0131, teknolojiye uygun \u00fcr\u00fcnleri <strong>Tuna Havuz<\/strong> olarak<br \/>\nT\u00fcrkiye\u2019nin d\u00f6rt bir yan\u0131na sunmaktay\u0131z. Ev Havuzu, Y\u00fczme Havuzu, Olimpik Havuzlar, Bah\u00e7e Havuzlar\u0131, G\u00f6letler ve<br \/>\nT\u00fcm Havuz \u0130htiya\u00e7lar\u0131n\u0131z\u0131 tam ve eksiksiz sa\u011flayabilmek i\u00e7in bir telefon kadar yak\u0131n\u0131n\u0131zday\u0131z&#8230;<\/p>\n<\/div>\n<\/div>\n<\/div>\n<\/div>\n","protected":false},"excerpt":{"rendered":"<p>ZODIAC ei2 EXPERT TUZ KLOR JENERAT\u00d6R\u00dc 25 Gr. ZODIAC TUZ KLOR JENERAT\u00d6R\u00dc 110 M\u00b3&#8217;e havuzlar i\u00e7in kullan\u0131ma uygundur. Saatte 25<\/p>\n","protected":false},"featured_media":9002,"template":"","meta":[],"product_brand":[],"product_cat":[514,546],"product_tag":[],"class_list":{"0":"post-9001","1":"product","2":"type-product","3":"status-publish","4":"has-post-thumbnail","6":"product_cat-tuz-klor-jenaratorleri","7":"product_cat-zodiac-tuz-klor-jeneratorleri","9":"first","10":"instock","11":"taxable","12":"shipping-taxable","13":"product-type-simple"},"_links":{"self":[{"href":"https:\/\/tunahavuz.com\/online\/wp-json\/wp\/v2\/product\/9001","targetHints":{"allow":["GET"]}}],"collection":[{"href":"https:\/\/tunahavuz.com\/online\/wp-json\/wp\/v2\/product"}],"about":[{"href":"https:\/\/tunahavuz.com\/online\/wp-json\/wp\/v2\/types\/product"}],"version-history":[{"count":1,"href":"https:\/\/tunahavuz.com\/online\/wp-json\/wp\/v2\/product\/9001\/revisions"}],"predecessor-version":[{"id":29593,"href":"https:\/\/tunahavuz.com\/online\/wp-json\/wp\/v2\/product\/9001\/revisions\/29593"}],"wp:featuredmedia":[{"embeddable":true,"href":"https:\/\/tunahavuz.com\/online\/wp-json\/wp\/v2\/media\/9002"}],"wp:attachment":[{"href":"https:\/\/tunahavuz.com\/online\/wp-json\/wp\/v2\/media?parent=9001"}],"wp:term":[{"taxonomy":"product_brand","embeddable":true,"href":"https:\/\/tunahavuz.com\/online\/wp-json\/wp\/v2\/product_brand?post=9001"},{"taxonomy":"product_cat","embeddable":true,"href":"https:\/\/tunahavuz.com\/online\/wp-json\/wp\/v2\/product_cat?post=9001"},{"taxonomy":"product_tag","embeddable":true,"href":"https:\/\/tunahavuz.com\/online\/wp-json\/wp\/v2\/product_tag?post=9001"}],"curies":[{"name":"wp","href":"https:\/\/api.w.org\/{rel}","templated":true}]}}