{"id":9004,"date":"2022-12-16T02:06:55","date_gmt":"2022-12-15T23:06:55","guid":{"rendered":"https:\/\/tunahavuz.com\/?post_type=product&#038;p=9004"},"modified":"2025-08-07T12:42:23","modified_gmt":"2025-08-07T09:42:23","slug":"zodiac-exo-iq-35-tuz-klor-jeneratoru","status":"publish","type":"product","link":"https:\/\/tunahavuz.com\/online\/urun\/zodiac-exo-iq-35-tuz-klor-jeneratoru\/","title":{"rendered":"Zodiac eXO iQ 35 Tuz Klor Jenerat\u00f6r\u00fc"},"content":{"rendered":"<h1>ZODIAC eXO iQ 35 TUZ KLOR JENERAT\u00d6R\u00dc<\/h1>\n<h2>ZODIAC EXO TUZ KLOR JENERAT\u00d6R\u00dc<\/h2>\n<div><img decoding=\"async\" src=\"https:\/\/www.havuzdan.com\/class\/INNOVAEditor\/assets\/ZODIACEXO35\/ZODIACEXOG%C4%B0R%C4%B0%C5%9E.png\" alt=\"\" border=\"0\" \/><\/div>\n<div><\/div>\n<div><\/div>\n<div><\/div>\n<div>Model\u00a0eXO\u00ae iQ35<\/div>\n<div>Il\u0131man iklimde ar\u0131t\u0131lan su hacmi (8 sa\/g\u00fcn filtreleme):\u00a0150 m\u00b3<\/div>\n<div>Nominal klor \u00fcretimi:\u00a035 g\/h<\/div>\n<div><\/div>\n<div>Hepsi bir arada:\u00a0T\u00fcm su kalite kontrol\u00fc tek bir ara y\u00fczde<\/div>\n<div>\n<div>(pH, klor \u00fcretimi, filtrasyon pompas\u0131, \u0131s\u0131t\u0131c\u0131 ve ayd\u0131nlatma kontrol\u00fc &#8230;)<br \/>\n\u0130\u00e7iniz rahat olsun:\u00a0Uzun onurlu elektrotlar, son teknoloji sensorlar<\/div>\n<div>Dahili Wi-Fi:\u00a0iAquaLink\u2122 uygulamas\u0131na WI-FI ba\u011flant\u0131s\u0131<\/div>\n<div><\/div>\n<div><\/div>\n<div>\n<div>A\u00e7\u0131klama:<br \/>\nKullan\u0131c\u0131 ara y\u00fcz\u00fc:\u00a04 hatl\u0131 arka ayd\u0131nlatmal\u0131 LCD ekran<br \/>\n\u00c7al\u0131\u015fma modu\/modlar\u0131:\u00a0Normal, Y\u00fcksek, D\u00fc\u015f\u00fck (0 ile %30 aras\u0131nda ayarlanabilir kapak modu)<br \/>\nEkipman kontrol\u00fc:\u00a0Tek h\u0131zl\u0131 filtrasyon pompas\u0131 veya de\u011fi\u015fken h\u0131zl\u0131 Zodiac\u00ae pompas\u0131 2 tamamlay\u0131c\u0131 ekipman (ayd\u0131nlatma, y\u00fckseltici&#8230;)<br \/>\nTers polarite:\u00a02 ila 8 saat (fabrika ayar\u0131= 5 saat)<br \/>\nTuz oran\u0131(\u00f6nerilen &#8211; minimum): Minimum 4 g\/L &#8211; 3,3 g\/L<\/div>\n<div>\nG\u00fcvenlik<br \/>\n-S\u0131cakl\u0131k:\u00a0So\u011fuk su durumunda elektrodu korumak i\u00e7in \u00fcretim azalt\u0131l\u0131r<br \/>\n-&#8220;D\u00fc\u015f\u00fck tuz\u201d g\u00f6stergesi:\u00a0Elektrodu korumak i\u00e7in \u00fcretim azalt\u0131l\u0131r<br \/>\n-&#8220;Debi yok&#8221; mesaj\u0131:\u00a0Ko\u015fullar optimum olmad\u0131\u011f\u0131 s\u00fcrece \u00fcretim kesilir<br \/>\n-Mekanik debi sens\u00f6r\u00fc<\/div>\n<div><\/div>\n<div><\/div>\n<div><img decoding=\"async\" src=\"https:\/\/havuzdan.myideasoft.com\/class\/INNOVAEditor\/assets\/ZODIACEXO35\/ZODIACEXOG%C4%B0R%C4%B0%C5%9EMONTAJ.png\" alt=\"\" border=\"0\" \/><\/div>\n<div><\/div>\n<\/div>\n<div>\n<h4>Zodiac Tuz Klor Jenerat\u00f6rleri Teknik \u00f6zellikleri<\/h4>\n<div>H\u00fccrenin \u00f6mr\u00fc*:\u00a010.000 saat (Titanyum plakalar, SC6 rutenyum i\u015flemi)<br \/>\nG\u00fc\u00e7 \/ Besleme:\u00a0195 W \/ 110-240 VAC \/ 50-60 Hz<br \/>\nMinimum debi oran\u0131 (h\u00fccrenin havas\u0131n\u0131 ar\u0131tmak i\u00e7in gerekli):\u00a05m\u00b3\/sa<br \/>\nMaksimum debi oran\u0131 (borudaki bas\u0131n\u00e7 kay\u0131plar\u0131yla s\u0131n\u0131rlanan):\u00a018m\u00b3\/sa(bunun \u00fczeri de\u011ferde zorunlu baypas)<br \/>\nH\u00fccrede izin verilen maksimum bas\u0131n\u00e7:\u00a02,75 bar (KPa)<br \/>\nMaksimum su s\u0131cakl\u0131\u011f\u0131:\u00a040\u00b0C<br \/>\nMinimum su s\u0131cakl\u0131\u011f\u0131:\u00a05\u00b0C<br \/>\nKofra &#8211; h\u00fccre aras\u0131 kablo uzunlu\u011fu:\u00a01,8 m<br \/>\nKoruma endeksi:\u00a0IP43<br \/>\nH\u00fccre veya mod\u00fcl boyutu (U \u00d7 Y \u00d7 D):\u00a032,0 x 13,5 x 11,0 cm<br \/>\nKofra boyutu (U \u00d7 Y \u00d7 D):\u00a032,0 x 37,0 x 12,0 cm<\/div>\n<\/div>\n<div><img decoding=\"async\" src=\"https:\/\/www.havuzdan.com\/class\/INNOVAEditor\/assets\/ZODIACEXO35\/ZODIACEXOALT%C4%B0%C3%87ER%C4%B0K.png\" alt=\"\" border=\"0\" \/><\/div>\n<div><\/div>\n<div>\n<div>Tek kontrol sistemi<br \/>\nT\u00fcm su kalite kontrol\u00fc tek ve ayn\u0131 aray\u00fczde toplanm\u0131\u015ft\u0131r: pH, klorlama, tamamlay\u0131c\u0131 ekipmanlar (filtrasyon pompas\u0131, ayd\u0131nlatma&#8230;)<\/div>\n<div>\nRahat\u0131n\u0131z yerinizde olsun<br \/>\nUzun \u00f6m\u00fcrl\u00fc elektrodu ve y\u00fcksek teknoloji problar\u0131 ile eXO<sup>\u00ae<\/sup>sol\u00fcsyonu size s\u00fcrekli optimum su kalitesi sa\u011flar.<\/div>\n<div>G\u00fcvenilirli\u011finin kan\u0131t\u0131 olarak, elektroliz\u00f6r 3 y\u0131l ko\u015fulsuz garanti s\u00fcresine sahiptir.<\/div>\n<div>\nEntegre ba\u011flant\u0131<br \/>\niAquaLink\u2122 uygulamas\u0131, ak\u0131ll\u0131 telefon veya tablet \u00fczerinden (Android veya \u0130OS) havuzunuzun<\/div>\n<div>su kalitesi veya ekipmanlar\u0131yla<sup>(2)<\/sup>ilgili bilgilere uzaktan ve ger\u00e7ek zamanl\u0131 ula\u015fman\u0131z\u0131 sa\u011flar.<\/div>\n<p>&nbsp;<\/p>\n<p>&nbsp;<\/p>\n<\/div>\n<div><img decoding=\"async\" src=\"https:\/\/www.havuzdan.com\/class\/INNOVAEditor\/assets\/ZODIACEXO35\/ZODIACEXOG%C4%B0R%C4%B0%C5%9EPAKETEDAH%C4%B0L.png\" alt=\"\" border=\"0\" \/><\/div>\n<div><\/div>\n<div>\n<div>3 Y\u0131l Garanti S\u00fcresi<\/div>\n<div>\n<p>Talep \u00fczerine \u00e7e\u015fitli se\u00e7enekler ve versiyonlar mevcuttur.<\/p>\n<p>Profesyoneller yada Bireyseller i\u00e7in y\u00fcksek kaliteli markalar\u0131, teknolojiye uygun \u00fcr\u00fcnleri <strong>Tuna Havuz<\/strong> olarak<br \/>\nT\u00fcrkiye\u2019nin d\u00f6rt bir yan\u0131na sunmaktay\u0131z. Ev Havuzu, Y\u00fczme Havuzu, Olimpik Havuzlar, Bah\u00e7e Havuzlar\u0131, G\u00f6letler ve<br \/>\nT\u00fcm Havuz \u0130htiya\u00e7lar\u0131n\u0131z\u0131 tam ve eksiksiz sa\u011flayabilmek i\u00e7in bir telefon kadar yak\u0131n\u0131n\u0131zday\u0131z&#8230;<\/p>\n<\/div>\n<\/div>\n<\/div>\n","protected":false},"excerpt":{"rendered":"<p>ZODIAC eXO iQ 35 TUZ KLOR JENERAT\u00d6R\u00dc ZODIAC EXO TUZ KLOR JENERAT\u00d6R\u00dc Model\u00a0eXO\u00ae iQ35 Il\u0131man iklimde ar\u0131t\u0131lan su hacmi (8<\/p>\n","protected":false},"featured_media":9005,"template":"","meta":[],"product_brand":[],"product_cat":[514,546],"product_tag":[],"class_list":{"0":"post-9004","1":"product","2":"type-product","3":"status-publish","4":"has-post-thumbnail","6":"product_cat-tuz-klor-jenaratorleri","7":"product_cat-zodiac-tuz-klor-jeneratorleri","9":"first","10":"instock","11":"taxable","12":"shipping-taxable","13":"product-type-simple"},"_links":{"self":[{"href":"https:\/\/tunahavuz.com\/online\/wp-json\/wp\/v2\/product\/9004","targetHints":{"allow":["GET"]}}],"collection":[{"href":"https:\/\/tunahavuz.com\/online\/wp-json\/wp\/v2\/product"}],"about":[{"href":"https:\/\/tunahavuz.com\/online\/wp-json\/wp\/v2\/types\/product"}],"version-history":[{"count":1,"href":"https:\/\/tunahavuz.com\/online\/wp-json\/wp\/v2\/product\/9004\/revisions"}],"predecessor-version":[{"id":29592,"href":"https:\/\/tunahavuz.com\/online\/wp-json\/wp\/v2\/product\/9004\/revisions\/29592"}],"wp:featuredmedia":[{"embeddable":true,"href":"https:\/\/tunahavuz.com\/online\/wp-json\/wp\/v2\/media\/9005"}],"wp:attachment":[{"href":"https:\/\/tunahavuz.com\/online\/wp-json\/wp\/v2\/media?parent=9004"}],"wp:term":[{"taxonomy":"product_brand","embeddable":true,"href":"https:\/\/tunahavuz.com\/online\/wp-json\/wp\/v2\/product_brand?post=9004"},{"taxonomy":"product_cat","embeddable":true,"href":"https:\/\/tunahavuz.com\/online\/wp-json\/wp\/v2\/product_cat?post=9004"},{"taxonomy":"product_tag","embeddable":true,"href":"https:\/\/tunahavuz.com\/online\/wp-json\/wp\/v2\/product_tag?post=9004"}],"curies":[{"name":"wp","href":"https:\/\/api.w.org\/{rel}","templated":true}]}}