{"id":9052,"date":"2022-12-16T03:16:08","date_gmt":"2022-12-16T00:16:08","guid":{"rendered":"https:\/\/tunahavuz.com\/?post_type=product&#038;p=9052"},"modified":"2025-08-07T12:39:22","modified_gmt":"2025-08-07T09:39:22","slug":"havuz-ph-ve-klor-olcum-kiti-pool-tester","status":"publish","type":"product","link":"https:\/\/tunahavuz.com\/online\/urun\/havuz-ph-ve-klor-olcum-kiti-pool-tester\/","title":{"rendered":"Havuz pH ve Klor \u00d6l\u00e7\u00fcm Kiti Pool Tester"},"content":{"rendered":"<div>\n<h1>Pool Tester Havuz \u00d6l\u00e7\u00fcm Kiti<\/h1>\n<h2>Tabletli Havuz \u00d6l\u00e7\u00fcm Kiti<\/h2>\n<p>Havuzda Klor \u00d6l\u00e7\u00fcm\u00fc Nas\u0131l Yap\u0131l\u0131r?<br \/>\nHavuz Ba\u011fl\u0131 Klor \u00d6l\u00e7\u00fcm\u00fc Nas\u0131l Yap\u0131l\u0131r?<br \/>\nHavuzda PH \u00d6l\u00e7\u00fcm\u00fc Nas\u0131l Yap\u0131l\u0131r?<\/p><\/div>\n<div><\/div>\n<div>DPD1 Serbest Klor \u00d6l\u00e7\u00fcm\u00fc<\/div>\n<div>DPD3 Toplam Klor \u00d6l\u00e7\u00fcm\u00fc<\/div>\n<div>PH \u00d6l\u00e7\u00fcm\u00fc<\/div>\n<div><\/div>\n<div><\/div>\n<div><\/div>\n<div>Test kiti ile havuz y\u00fczeyinin 10 &#8211; 15 cm alt\u0131ndan havuz kenar\u0131ndan 30 &#8211; 40 cm ilerisinden su numunesi al\u0131n\u0131r. Kit \u00fczerinde DPD1\/Cl yazan k\u0131sma 1 adet DPD1 tablet at\u0131l\u0131r. Olu\u015fan renk yan taraftaki renk skalas\u0131 ile kar\u015f\u0131la\u015ft\u0131r\u0131l\u0131r.<\/div>\n<div><\/div>\n<div><\/div>\n<div>Ba\u011fl\u0131 klor \u00f6l\u00e7\u00fcm\u00fc i\u00e7in, DPD3 Toplam Klor \u00f6l\u00e7\u00fcm sonucu &#8211; DPD1 serbest klor \u00f6l\u00e7\u00fcm sonucu<\/div>\n<div><\/div>\n<div>Yani ba\u011fl\u0131 klor sonucuna ula\u015fmak i\u00e7in \u00f6nce DPD1 ile serbest klor \u00f6l\u00e7\u00fcm\u00fc yap\u0131l\u0131r. \u00d6rne\u011fin yakla\u015f\u0131k 1,5 PPM klor tespit edildi. Ayn\u0131 suyu bo\u015faltmadan \u00fczerine DPD3 tablet at\u0131l\u0131r ve yeniden \u00f6l\u00e7\u00fcm yap\u0131l\u0131r. Buradan da \u00f6rnek olarak 2 PPM klor tespit edildi. \u00c7\u0131kan DPD3 \u00f6l\u00e7\u00fcm\u00fc sonucundan, daha \u00f6nce yap\u0131lan DPD1 \u00f6l\u00e7\u00fcm sonucu \u00e7\u0131kart\u0131l\u0131r. Yani 2 PPM &#8211; 1,5 PPM = 0,5 PPM. Ula\u015ft\u0131\u011f\u0131m\u0131z bu sonu\u00e7 ba\u011fl\u0131 klor miktar\u0131n\u0131 verir.<\/div>\n<div><\/div>\n<div>\n<div>Test kiti ile havuz y\u00fczeyinin 10 &#8211; 15 cm alt\u0131ndan havuz kenar\u0131ndan 30 &#8211; 40 cm ilerisinden su numunesi al\u0131n\u0131r. Kit \u00fczerinde Phenol Red \/ PH yazan k\u0131sma 1 adet Phenol Red tablet at\u0131l\u0131r. Olu\u015fan renk yan taraftaki renk skalas\u0131 ile kar\u015f\u0131la\u015ft\u0131r\u0131l\u0131r.<\/div>\n<\/div>\n<div><\/div>\n<div>\n<p>Talep \u00fczerine \u00e7e\u015fitli se\u00e7enekler ve versiyonlar mevcuttur.<\/p>\n<p>Profesyoneller yada Bireyseller i\u00e7in y\u00fcksek kaliteli markalar\u0131, teknolojiye uygun \u00fcr\u00fcnleri <strong>Tuna Havuz<\/strong> olarak<br \/>\nT\u00fcrkiye\u2019nin d\u00f6rt bir yan\u0131na sunmaktay\u0131z. Ev Havuzu, Y\u00fczme Havuzu, Olimpik Havuzlar, Bah\u00e7e Havuzlar\u0131, G\u00f6letler ve<br \/>\nT\u00fcm Havuz \u0130htiya\u00e7lar\u0131n\u0131z\u0131 tam ve eksiksiz sa\u011flayabilmek i\u00e7in bir telefon kadar yak\u0131n\u0131n\u0131zday\u0131z&#8230;<\/p>\n<\/div>\n","protected":false},"excerpt":{"rendered":"<p>Pool Tester Havuz \u00d6l\u00e7\u00fcm Kiti Tabletli Havuz \u00d6l\u00e7\u00fcm Kiti Havuzda Klor \u00d6l\u00e7\u00fcm\u00fc Nas\u0131l Yap\u0131l\u0131r? Havuz Ba\u011fl\u0131 Klor \u00d6l\u00e7\u00fcm\u00fc Nas\u0131l Yap\u0131l\u0131r?<\/p>\n","protected":false},"featured_media":9053,"template":"","meta":[],"product_brand":[],"product_cat":[308,599,398],"product_tag":[],"class_list":{"0":"post-9052","1":"product","2":"type-product","3":"status-publish","4":"has-post-thumbnail","6":"product_cat-havuz-kimyasallari","7":"product_cat-manuel-olcum-aletleri","8":"product_cat-olcum-aletleri","10":"first","11":"instock","12":"taxable","13":"shipping-taxable","14":"product-type-simple"},"_links":{"self":[{"href":"https:\/\/tunahavuz.com\/online\/wp-json\/wp\/v2\/product\/9052","targetHints":{"allow":["GET"]}}],"collection":[{"href":"https:\/\/tunahavuz.com\/online\/wp-json\/wp\/v2\/product"}],"about":[{"href":"https:\/\/tunahavuz.com\/online\/wp-json\/wp\/v2\/types\/product"}],"version-history":[{"count":1,"href":"https:\/\/tunahavuz.com\/online\/wp-json\/wp\/v2\/product\/9052\/revisions"}],"predecessor-version":[{"id":29576,"href":"https:\/\/tunahavuz.com\/online\/wp-json\/wp\/v2\/product\/9052\/revisions\/29576"}],"wp:featuredmedia":[{"embeddable":true,"href":"https:\/\/tunahavuz.com\/online\/wp-json\/wp\/v2\/media\/9053"}],"wp:attachment":[{"href":"https:\/\/tunahavuz.com\/online\/wp-json\/wp\/v2\/media?parent=9052"}],"wp:term":[{"taxonomy":"product_brand","embeddable":true,"href":"https:\/\/tunahavuz.com\/online\/wp-json\/wp\/v2\/product_brand?post=9052"},{"taxonomy":"product_cat","embeddable":true,"href":"https:\/\/tunahavuz.com\/online\/wp-json\/wp\/v2\/product_cat?post=9052"},{"taxonomy":"product_tag","embeddable":true,"href":"https:\/\/tunahavuz.com\/online\/wp-json\/wp\/v2\/product_tag?post=9052"}],"curies":[{"name":"wp","href":"https:\/\/api.w.org\/{rel}","templated":true}]}}