{"id":9177,"date":"2022-12-20T03:06:25","date_gmt":"2022-12-20T00:06:25","guid":{"rendered":"https:\/\/tunahavuz.com\/?post_type=product&#038;p=9177"},"modified":"2025-08-07T12:26:43","modified_gmt":"2025-08-07T09:26:43","slug":"zodiac-arco-elektrikli-otomatik-havuz-robotu","status":"publish","type":"product","link":"https:\/\/tunahavuz.com\/online\/urun\/zodiac-arco-elektrikli-otomatik-havuz-robotu\/","title":{"rendered":"Zodiac Arco Elektrikli Otomatik Havuz Robotu"},"content":{"rendered":"<div>\n<h1>ZODIAC ARCO<\/h1>\n<h2>ELEKTR\u0130KL\u0130 OTOMAT\u0130K HAVUZ ROBOTU<\/h2>\n<\/div>\n<div>\n<div>Otel, Site, Spor Merkezi gibi yo\u011fun kullan\u0131lan havuzlara \u00f6zel olarak tasarlanm\u0131\u015f yeni<\/div>\n<div>ZODIAC ARCO elektrikli s\u00fcp\u00fcrge.<\/div>\n<\/div>\n<div><\/div>\n<div><img decoding=\"async\" src=\"https:\/\/www.havuzdan.com\/class\/INNOVAEditor\/assets\/ARCOG%C4%B0R%C4%B0%C5%9E.png\" alt=\"\" border=\"0\" \/>&nbsp;<\/p>\n<h3>ZODIAC ARCO HAVUZ ROBOTU \u00d6ZELL\u0130KLER\u0130<\/h3>\n<p>HANG\u0130 HAVUZLAR \u0130\u00c7\u0130N UYGUNDUR?<\/p>\n<p>&nbsp;<\/p>\n<div>+Havuz \u00d6zellikleri:\u00a0Toprakalt\u0131 ve toprak \u00fcst\u00fc rijit duvarl\u0131 havuzlar,<\/div>\n<div>\u00a0 30 metre uzunlu\u011fa kadar<\/div>\n<div>+Havuz \u015eekli:\u00a0Dikd\u00f6rtgen, oval, serbest<\/div>\n<div>+Zemin \u015eekli:\u00a0D\u00fcz, yumu\u015fak e\u011fim, muhtelif e\u011fim, dik e\u011fim<\/div>\n<div>+Havuz Y\u00fczeyi:\u00a0Seramik, Liner, Polyester, PVC, Betonarme<br \/>\n+ Oteller, siteler ve spor merkezleri i\u00e7in halka a\u00e7\u0131k<\/div>\n<div>\u00a0 \u00a0 y\u00fczme havuzlar\u0131nda profesyonel kullan\u0131m i\u00e7in tasarlanm\u0131\u015ft\u0131r<br \/>\n+ Duvarlar\u0131 ve engelleri alg\u0131lamak i\u00e7in k\u0131z\u0131l\u00f6tesi sens\u00f6rler<br \/>\n+ Jiroskop ve pusula destekli ak\u0131ll\u0131 navigasyon sistemi<br \/>\n+ Yo\u011fun kullan\u0131m i\u00e7in a\u011f\u0131r hizmet tipi \u00e7eki\u015f sistemi<br \/>\n+ Ultra g\u00fc\u00e7l\u00fc vakum<br \/>\n+ Manuel kullan\u0131m i\u00e7in uzaktan kumanda<br \/>\n+ Kablo uzunlu\u011fu 30 mt.<\/div>\n<div><\/div>\n<div>SA\u011eLAM, AKILLI VE ULTRA VER\u0130ML\u0130.<br \/>\n+ Duvarlar\u0131 ve engelleri alg\u0131lamak i\u00e7in k\u0131z\u0131l\u00f6tesi sens\u00f6rler<br \/>\n+ Jiroskop ve pusula ile ak\u0131ll\u0131 navigasyon sistemi<br \/>\n+ Yo\u011fun kullan\u0131m i\u00e7in paletli \u00e7eki\u015f sistemi<br \/>\n+ G\u00fc\u00e7l\u00fc emi\u015f<br \/>\n+ Manuel kullan\u0131m i\u00e7in uzaktan kumanda<br \/>\n+ Y\u00fczme merkezleri, kurumsal y\u00fczme i\u00e7in orta b\u00fcy\u00fckl\u00fckteki halka a\u00e7\u0131k y\u00fczme havuzlar\u0131nda<br \/>\nprofesyonel kullan\u0131m i\u00e7in tasarlanm\u0131\u015ft\u0131r havuzlar, oteller ve kamp alanlar\u0131<\/div>\n<div><\/div>\n<p><img decoding=\"async\" src=\"https:\/\/www.havuzdan.com\/class\/INNOVAEditor\/assets\/PAKETE%20DAH%C4%B0L.png\" alt=\"\" border=\"0\" \/><\/p>\n<h3>Zodiac ARCO\u00a0Teknik \u00f6zellikleri<\/h3>\n<div>\n<div>Zemin:\u00a0Evet<\/div>\n<div>Duvarlar ve su hatt\u0131:\u00a0Evet<\/div>\n<div>Uzaktan kumanda:\u00a0Evet<\/div>\n<div>Temizleme d\u00f6ng\u00fcleri (h):\u00a0Katlar<\/div>\n<div>\u015eanzuman:\u00a0Di\u015fliler-Paletli<\/div>\n<div>Sens\u00f6r Nav Sistemi:\u00a0Evet<\/div>\n<div>\u00c7eki\u015f sistemi:\u00a0T\u0131rt\u0131llar<\/div>\n<div>Takvim:\u00a07 g\u00fcn<\/div>\n<div>Filtre dolu g\u00f6stergesi:\u00a0Evet<\/div>\n<div>Kablo uzunlu\u011fu (m):\u00a030<\/div>\n<div>Ultrasonik sens\u00f6r:\u00a0Evet, ultrasonik<\/div>\n<div>Ta\u015f\u0131ma arabas\u0131:\u00a0Evet<\/div>\n<div>Filtre kapasitesi (kG):\u00a03,1<\/div>\n<div>Filtre tipi:\u00a0100 mikron<\/div>\n<div>G\u00fcvenlik sistemi:\u00a0Su d\u0131\u015f\u0131nda otomatik durdurma<\/div>\n<div>G\u0131da:\u00a0230V &#8211; 30VDC<\/div>\n<div>Elektriksel \u00d6zellikler:\u00a0150W 50Hz<\/div>\n<div>Motor say\u0131s\u0131:\u00a03<\/div>\n<div>\u00c7eki\u015f motorlar\u0131:\u00a02<\/div>\n<div>Emi\u015f motorlar\u0131:\u00a01<\/div>\n<div>Y\u00fczme havuzu boyutlar\u0131 (m):30 m&#8217;ye kadar<\/div>\n<div><\/div>\n<div><\/div>\n<div>\n<div>Talep \u00fczerine \u00e7e\u015fitli se\u00e7enekler ve versiyonlar mevcuttur.<\/div>\n<div><\/div>\n<div>Profesyoneller yada Bireyseller i\u00e7in y\u00fcksek kaliteli markalar\u0131, teknolojiye uygun \u00fcr\u00fcnleri <strong>Tuna Havuz<\/strong> olarak<br \/>\nT\u00fcrkiye\u2019nin d\u00f6rt bir yan\u0131na sunmaktay\u0131z. Ev Havuzu, Y\u00fczme Havuzu, Olimpik Havuzlar, Bah\u00e7e Havuzlar\u0131, G\u00f6letler ve<br \/>\nT\u00fcm Havuz \u0130htiya\u00e7lar\u0131n\u0131z\u0131 tam ve eksiksiz sa\u011flayabilmek i\u00e7in bir telefon kadar yak\u0131n\u0131n\u0131zday\u0131z&#8230;<\/div>\n<\/div>\n<\/div>\n<\/div>\n","protected":false},"excerpt":{"rendered":"<p>ZODIAC ARCO ELEKTR\u0130KL\u0130 OTOMAT\u0130K HAVUZ ROBOTU Otel, Site, Spor Merkezi gibi yo\u011fun kullan\u0131lan havuzlara \u00f6zel olarak tasarlanm\u0131\u015f yeni ZODIAC ARCO<\/p>\n","protected":false},"featured_media":9178,"template":"","meta":[],"product_brand":[],"product_cat":[315,545],"product_tag":[],"class_list":{"0":"post-9177","1":"product","2":"type-product","3":"status-publish","4":"has-post-thumbnail","6":"product_cat-havuz-robotlari","7":"product_cat-zodiac-havuz-robotu","9":"first","10":"instock","11":"taxable","12":"shipping-taxable","13":"product-type-simple"},"_links":{"self":[{"href":"https:\/\/tunahavuz.com\/online\/wp-json\/wp\/v2\/product\/9177","targetHints":{"allow":["GET"]}}],"collection":[{"href":"https:\/\/tunahavuz.com\/online\/wp-json\/wp\/v2\/product"}],"about":[{"href":"https:\/\/tunahavuz.com\/online\/wp-json\/wp\/v2\/types\/product"}],"version-history":[{"count":1,"href":"https:\/\/tunahavuz.com\/online\/wp-json\/wp\/v2\/product\/9177\/revisions"}],"predecessor-version":[{"id":29527,"href":"https:\/\/tunahavuz.com\/online\/wp-json\/wp\/v2\/product\/9177\/revisions\/29527"}],"wp:featuredmedia":[{"embeddable":true,"href":"https:\/\/tunahavuz.com\/online\/wp-json\/wp\/v2\/media\/9178"}],"wp:attachment":[{"href":"https:\/\/tunahavuz.com\/online\/wp-json\/wp\/v2\/media?parent=9177"}],"wp:term":[{"taxonomy":"product_brand","embeddable":true,"href":"https:\/\/tunahavuz.com\/online\/wp-json\/wp\/v2\/product_brand?post=9177"},{"taxonomy":"product_cat","embeddable":true,"href":"https:\/\/tunahavuz.com\/online\/wp-json\/wp\/v2\/product_cat?post=9177"},{"taxonomy":"product_tag","embeddable":true,"href":"https:\/\/tunahavuz.com\/online\/wp-json\/wp\/v2\/product_tag?post=9177"}],"curies":[{"name":"wp","href":"https:\/\/api.w.org\/{rel}","templated":true}]}}