{"id":9180,"date":"2022-12-20T03:08:50","date_gmt":"2022-12-20T00:08:50","guid":{"rendered":"https:\/\/tunahavuz.com\/?post_type=product&#038;p=9180"},"modified":"2025-08-07T12:26:34","modified_gmt":"2025-08-07T09:26:34","slug":"zodiac-arcomax-elektrikli-otomatik-havuz-robotu","status":"publish","type":"product","link":"https:\/\/tunahavuz.com\/online\/urun\/zodiac-arcomax-elektrikli-otomatik-havuz-robotu\/","title":{"rendered":"Zodiac Arcomax Elektrikli Otomatik Havuz Robotu"},"content":{"rendered":"<h1>ZOADIAC ARCOMAX<\/h1>\n<div><\/div>\n<h2>ELEKTR\u0130KL\u0130 OTOMAT\u0130K HAVUZ ROBOTU<\/h2>\n<div><\/div>\n<div><img decoding=\"async\" src=\"https:\/\/www.havuzdan.com\/class\/INNOVAEditor\/assets\/arcomaxgiri%C5%9F.png\" alt=\"\" border=\"0\" \/><\/div>\n<div><\/div>\n<div><\/div>\n<div>\n<h1>ZOD\u0130AC ARCOMAX<\/h1>\n<h2>ELEKTR\u0130KL\u0130\u00a0OTOMAT\u0130K HAVUZ ROBOTU<\/h2>\n<\/div>\n<div>TEMEL \u00d6ZELL\u0130KLER\u0130:<\/div>\n<div>\u00a0Havuz \u00d6zellikleri:\u00a0Toprakalt\u0131 ve toprak \u00fcst\u00fc rijit duvarl\u0131 havuzlar,<\/div>\n<div>\n<div>50 metreye kadar y\u00fczme havuzlar\u0131 i\u00e7in uygundur<br \/>\nHavuz Y\u00fczeyi:\u00a0Seramk, Liner, Polyester, PVC, Betonarme<br \/>\nAlt ve duvarlar\u0131 temizler<br \/>\nSon teknoloji jiroskop<br \/>\nBluetooth ile uzaktan kumandas\u0131 vard\u0131r<br \/>\nAlttan eri\u015fimli \u00e7ift filtre torbas\u0131<br \/>\nPVA f\u0131r\u00e7alar\u0131<\/div>\n<div>Kablo Uzunlu\u011fu:\u00a040 Mt.<\/div>\n<div><\/div>\n<div>\n<div>\n<h3>Zodiac Arcomax Otomatik Havuz Robotu<\/h3>\n<p>Arcomax robotik elektrikli s\u00fcp\u00fcrge, duvarlar\u0131 ve engelleri alg\u0131lamak i\u00e7in bir k\u0131z\u0131l\u00f6tesi sens\u00f6rle donat\u0131lm\u0131\u015ft\u0131r<\/p><\/div>\n<div>Ek olarak, son teknoloji bir jiroskopa, alg\u0131lama ve d\u00f6n\u00fc\u015flerdeki hassasiyeti sayesinde<\/div>\n<div>maksimum temizlik verimlili\u011fini garanti eden ak\u0131ll\u0131 bir navigasyon sistemine sahiptir.<\/div>\n<div>Zodiac Arcomax otomatik havuz robotu dibi, duvarlar\u0131 temizler ve her t\u00fcrl\u00fc havuz \u015fekli ve t\u00fcm y\u00fczeyler<\/div>\n<div>(fayans, fayans, astar, \u00e7ak\u0131l, boya, polyester havuzlar) i\u00e7in idealdir.<\/div>\n<div><\/div>\n<div>Ek olarak, program\u0131n ba\u015flamas\u0131n\u0131 3 saate kadar geciktirme olas\u0131l\u0131\u011f\u0131 olan 3 temizleme program\u0131na sahiptir:<\/div>\n<div>Kat Modu:\u00a0Yaln\u0131zca alt<br \/>\nDuvar ve zemin modu:\u00a0Alt ve duvar<br \/>\nGecikmeli ba\u015flatma:\u00a0\u0130ki temizleme d\u00f6ng\u00fcs\u00fc 3 saatlik bir gecikmeyle ba\u015flar<\/div>\n<div><\/div>\n<div><\/div>\n<div>\n<h4>ZODIAC HAVUZ ROBOTLARI<\/h4>\n<p>ArcoMax, 50 metreye kadar halka a\u00e7\u0131k y\u00fczme havuzlar\u0131n\u0131n g\u00fcnl\u00fck bak\u0131m\u0131 i\u00e7in tasarlanm\u0131\u015ft\u0131r.<br \/>\nArco serisi, g\u00fc\u00e7l\u00fc ve uzun s\u00fcreli siklonik emi\u015f sayesinde havuzdaki t\u00fcm kal\u0131nt\u0131lar\u0131 \u00e7ok verimli bir \u015fekilde emer.<br \/>\nRobot, sert duvarl\u0131 orta b\u00fcy\u00fckl\u00fckteki halka a\u00e7\u0131k y\u00fczme havuzlar\u0131nda yo\u011fun kullan\u0131m i\u00e7in \u00f6zel olarak tasarlanm\u0131\u015ft\u0131r<\/p><\/div>\n<div>Zodiac Arcomax Otomatik Havuz S\u00fcp\u00fcrgesi 50 metreye kadar olan y\u00fczme havuzlar\u0131 i\u00e7in uygundur.<\/div>\n<div>Profesyonel kullan\u0131m i\u00e7in tasarlanm\u0131\u015ft\u0131r ve orta ve b\u00fcy\u00fck halka a\u00e7\u0131k y\u00fczme havuzlar\u0131, y\u00fczme merkezleri, spor merkezleri, kamplar vb. i\u00e7in idealdir.<\/div>\n<div><\/div>\n<div>\n<p>FAYDALAR:<\/p>\n<ul type=\"disc\">\n<li>Dayan\u0131kl\u0131, ak\u0131ll\u0131 ve ultra verimli<\/li>\n<li>Nav SytemTM sens\u00f6r\u00fc: d\u00f6nmeye gerek kalmadan dola\u015fmayan pusula sistemi ile ak\u0131ll\u0131 ve ki\u015fiselle\u015ftirilmi\u015f temizlik<\/li>\n<li>Akrilonitril stiren akrilattan (ASA) yap\u0131lm\u0131\u015f, ABS&#8217;den daha g\u00fc\u00e7l\u00fc olmas\u0131n\u0131 sa\u011flayan yeni ve dayan\u0131kl\u0131 malzemeler<\/li>\n<li>Yo\u011fun kullan\u0131m i\u00e7in \u00e7eki\u015f sistemi ile donat\u0131lm\u0131\u015ft\u0131r<\/li>\n<li>Ultra g\u00fc\u00e7l\u00fc ve uzun \u00f6m\u00fcrl\u00fc emi\u015f<\/li>\n<li>Manuel kullan\u0131m i\u00e7in uzaktan kumanda<\/li>\n<li>Oteller ve spor merkezleri i\u00e7in halka a\u00e7\u0131k y\u00fczme havuzlar\u0131nda profesyonel kullan\u0131m i\u00e7in tasarlanm\u0131\u015ft\u0131r<\/li>\n<li>Lift SystemTM teknolojisi (kolay drenaj sa\u011flar)<\/li>\n<li>5.1 kg kapasiteli filtre.<\/li>\n<\/ul>\n<div><\/div>\n<\/div>\n<div><img decoding=\"async\" src=\"https:\/\/www.havuzdan.com\/class\/INNOVAEditor\/assets\/OKBASLIK\/OK%20KIRMIZI.png\" alt=\"\" border=\"0\" \/>A\u00c7IKLAMA<\/div>\n<div>\n<p>&nbsp;<\/p>\n<div>Havuz t\u00fcrleri:\u00a0B\u00fcy\u00fck ve orta (50 m uzunlu\u011fa kadar)<br \/>\nHavuz \u015fekli:\u00a0Dikd\u00f6rtgen, oval, serbest \u015fekil<br \/>\nZemin ve Duvar Tipi:\u00a0Her t\u00fcrl\u00fc<br \/>\nTemizlik alanlar\u0131:\u00a0Zeminler ve duvarlar<br \/>\nTemizleme d\u00f6ng\u00fcleri:\u00a0\u00c7oklu \u00f6n ayarl\u0131 d\u00f6ng\u00fcler<br \/>\nZemin ve duvar modu:\u00a0Zemin, duvarlar ve su hatt\u0131<br \/>\nGecikmeli ba\u015flatma:\u00a02 temizleme modu , 3 saatlik bir gecikmeyle ba\u015flar<br \/>\nR\u00f6tar:\u00a0Evet<br \/>\nBesleme:\u00a0Otonom, transformat\u00f6rden \u00f6nce 230v&#8217;a ba\u011flay\u0131n<br \/>\n\u00c7eki\u015f sistemi:\u00a02 motor<br \/>\nY\u00f6n:\u00a0\u00d6nceden planlanm\u0131\u015f<br \/>\nBula\u015fma:\u00a0G\u00fc\u00e7lendirilmi\u015f bile\u015fenlere sahip kay\u0131\u015f tahriki<br \/>\nK\u0131z\u0131l\u00f6tesi sens\u00f6r:\u00a0Evet<br \/>\nF\u0131r\u00e7alamak:\u00a0Pva<br \/>\nFiltre g\u00f6stergesi dolu:\u00a0Evet<br \/>\nKontrol:\u00a0Uygulamaya g\u00f6re<br \/>\nTermometre:\u00a0Evet<br \/>\nFiltre Eri\u015fimi:\u00a0Robotun Alt\u0131nda<\/div>\n<p>&nbsp;<\/p>\n<\/div>\n<div><\/div>\n<div><img decoding=\"async\" src=\"https:\/\/www.havuzdan.com\/class\/INNOVAEditor\/assets\/arcomaxgiri%C5%9Fi%C3%A7i.png\" alt=\"\" border=\"0\" \/><\/div>\n<\/div>\n<div><\/div>\n<div><img decoding=\"async\" src=\"https:\/\/havuzdan.myideasoft.com\/class\/INNOVAEditor\/assets\/OKBASLIK\/OK%20KIRMIZI.png\" alt=\"\" border=\"0\" \/><\/p>\n<div>TEKN\u0130K \u00d6ZELL\u0130KLER\u0130<\/div>\n<div>\n<div>Motor say\u0131s\u0131:\u00a03<br \/>\nKontrol kutusu g\u00fc\u00e7 kayna\u011f\u0131:\u00a0110-240 vac;50\/60hz<br \/>\nG\u00fc\u00e7 kayna\u011f\u0131:\u00a024 vdc<br \/>\n\u00c7al\u0131\u015fma g\u00fcc\u00fc:\u00a0150 w<br \/>\nKablo uzunlu\u011fu:\u00a040 m<br \/>\nRobot boyutlar\u0131 (u x g x y):\u00a080 x 43 x 54 cm<br \/>\nAmbalaj boyutlar\u0131 (u x g x y):\u00a090 x 51 x 62 cm<br \/>\nRobot a\u011f\u0131rl\u0131\u011f\u0131:\u00a018 kg<br \/>\nAmbalajl\u0131 a\u011f\u0131rl\u0131k:\u00a028 kg<br \/>\nFiltre kapasitesi:\u00a05,1 kg<br \/>\nTeorik temizlik geni\u015fli\u011fi:\u00a080 cm<\/div>\n<div><\/div>\n<\/div>\n<\/div>\n<div>Profesyoneller yada Bireyseller i\u00e7in y\u00fcksek kaliteli markalar\u0131, teknolojiye uygun \u00fcr\u00fcnleri <strong>Tuna Havuz<\/strong> olarak<br \/>\nT\u00fcrkiye\u2019nin d\u00f6rt bir yan\u0131na sunmaktay\u0131z. Ev Havuzu, Y\u00fczme Havuzu, Olimpik Havuzlar, Bah\u00e7e Havuzlar\u0131, G\u00f6letler ve<br \/>\nT\u00fcm Havuz \u0130htiya\u00e7lar\u0131n\u0131z\u0131 tam ve eksiksiz sa\u011flayabilmek i\u00e7in bir telefon kadar yak\u0131n\u0131n\u0131zday\u0131z&#8230;<\/div>\n<\/div>\n","protected":false},"excerpt":{"rendered":"<p>ZOADIAC ARCOMAX ELEKTR\u0130KL\u0130 OTOMAT\u0130K HAVUZ ROBOTU ZOD\u0130AC ARCOMAX ELEKTR\u0130KL\u0130\u00a0OTOMAT\u0130K HAVUZ ROBOTU TEMEL \u00d6ZELL\u0130KLER\u0130: \u00a0Havuz \u00d6zellikleri:\u00a0Toprakalt\u0131 ve toprak \u00fcst\u00fc rijit duvarl\u0131<\/p>\n","protected":false},"featured_media":9181,"template":"","meta":[],"product_brand":[],"product_cat":[315,545],"product_tag":[],"class_list":{"0":"post-9180","1":"product","2":"type-product","3":"status-publish","4":"has-post-thumbnail","6":"product_cat-havuz-robotlari","7":"product_cat-zodiac-havuz-robotu","9":"first","10":"instock","11":"taxable","12":"shipping-taxable","13":"product-type-simple"},"_links":{"self":[{"href":"https:\/\/tunahavuz.com\/online\/wp-json\/wp\/v2\/product\/9180","targetHints":{"allow":["GET"]}}],"collection":[{"href":"https:\/\/tunahavuz.com\/online\/wp-json\/wp\/v2\/product"}],"about":[{"href":"https:\/\/tunahavuz.com\/online\/wp-json\/wp\/v2\/types\/product"}],"version-history":[{"count":1,"href":"https:\/\/tunahavuz.com\/online\/wp-json\/wp\/v2\/product\/9180\/revisions"}],"predecessor-version":[{"id":29526,"href":"https:\/\/tunahavuz.com\/online\/wp-json\/wp\/v2\/product\/9180\/revisions\/29526"}],"wp:featuredmedia":[{"embeddable":true,"href":"https:\/\/tunahavuz.com\/online\/wp-json\/wp\/v2\/media\/9181"}],"wp:attachment":[{"href":"https:\/\/tunahavuz.com\/online\/wp-json\/wp\/v2\/media?parent=9180"}],"wp:term":[{"taxonomy":"product_brand","embeddable":true,"href":"https:\/\/tunahavuz.com\/online\/wp-json\/wp\/v2\/product_brand?post=9180"},{"taxonomy":"product_cat","embeddable":true,"href":"https:\/\/tunahavuz.com\/online\/wp-json\/wp\/v2\/product_cat?post=9180"},{"taxonomy":"product_tag","embeddable":true,"href":"https:\/\/tunahavuz.com\/online\/wp-json\/wp\/v2\/product_tag?post=9180"}],"curies":[{"name":"wp","href":"https:\/\/api.w.org\/{rel}","templated":true}]}}