{"id":9213,"date":"2022-12-20T03:45:28","date_gmt":"2022-12-20T00:45:28","guid":{"rendered":"https:\/\/tunahavuz.com\/?post_type=product&#038;p=9213"},"modified":"2025-08-07T12:25:01","modified_gmt":"2025-08-07T09:25:01","slug":"tiger-shark-2-otomatik-havuz-robotu","status":"publish","type":"product","link":"https:\/\/tunahavuz.com\/online\/urun\/tiger-shark-2-otomatik-havuz-robotu\/","title":{"rendered":"Tiger Shark 2 Otomatik Havuz Robotu"},"content":{"rendered":"<h1>TIGERSHARK 2 OTOMAT\u0130K<\/h1>\n<h2>ELEKTR\u0130KL\u0130 HAVUZ ROBOTU<\/h2>\n<div><\/div>\n<div><img decoding=\"async\" src=\"https:\/\/havuzdan.myideasoft.com\/class\/INNOVAEditor\/assets\/t%C4%B1gershark2%20giri%C5%9F.png\" alt=\"\" border=\"0\" \/><\/p>\n<div>ASCL\u00ae Mikroi\u015flemci kontrol\u00fc ile her havuz formuna ve boyutuna uyum sa\u011flar.<br \/>\nTamamen otomatiktir.<br \/>\nHavuz taban\u0131n\u0131, duvarlar\u0131n\u0131 ve merdivenleri temizler.<br \/>\nTa\u015f\u0131ma arabas\u0131 vard\u0131r.<br \/>\n17 m3\/saat sirk\u00fclasyon kapasitesi ve<\/div>\n<div>5 mikron partik\u00fcl temizleyebilme hassasiyetli ile benzersiz bir teknolojik \u00fcr\u00fcnd\u00fcr.<\/div>\n<div>\n<div>Kablo Uzunlu\u011fu:\u00a030 mt.<br \/>\nHavuz Boyu:\u00a025 mt.<br \/>\nSirk\u00fclasyon Debisi:\u00a017 m\u00b3\/h<br \/>\nFiltrasyon Kapasitesi:\u00a05 mikron<br \/>\nTemizleme Alan\u0131:\u00a05 m\u00b2\/dk<br \/>\nTa\u015f\u0131ma Arabas\u0131:\u00a0Yok<\/div>\n<\/div>\n<div>\n<div><\/div>\n<div>\n<h3>Tiger Shark2 Otomatik Havuz Robotu<\/h3>\n<p>5 mikron kartu\u015f filtre<br \/>\n30 mt kablo<br \/>\nMikroproses kontroll\u00fc<br \/>\nDuvara t\u0131rmanabilme \u00f6zelli\u011fi<br \/>\nKolayca temizlenebilir 2 panel kartu\u015f filtre<br \/>\nOtomatik a\u015f\u0131r\u0131 y\u00fck korumas\u0131 vard\u0131r.<br \/>\nOpsiyonel olarak ta\u015f\u0131ma arabas\u0131 mevcuttur.<br \/>\nRobotik Havuz Temizleyici Tiger Shark 2<\/p><\/div>\n<div><\/div>\n<div><\/div>\n<div>5 \u00b5 Kartu\u015f Filtre<br \/>\n30 mt kablo uzunlu\u011fu<br \/>\nMikroi\u015flemci kontrol\u00fc<br \/>\nTiger Shark duvara t\u0131rmanabilir<br \/>\n2 adet kolay temizlenebilir takviye ile donat\u0131lm\u0131\u015ft\u0131r.<\/div>\n<div>Kartu\u015f filtre Otomatik a\u015f\u0131r\u0131 y\u00fck korumas\u0131<\/p>\n<div>Opsiyonel arabada.<\/div>\n<div><\/div>\n<\/div>\n<\/div>\n<div>\n<div>Talep \u00fczerine \u00e7e\u015fitli se\u00e7enekler ve versiyonlar mevcuttur.<\/div>\n<div><\/div>\n<\/div>\n<div>Profesyoneller yada Bireyseller i\u00e7in y\u00fcksek kaliteli markalar\u0131, teknolojiye uygun \u00fcr\u00fcnleri <strong>Tuna Havuz<\/strong> olarak<br \/>\nT\u00fcrkiye\u2019nin d\u00f6rt bir yan\u0131na sunmaktay\u0131z. Ev Havuzu, Y\u00fczme Havuzu, Olimpik Havuzlar, Bah\u00e7e Havuzlar\u0131, G\u00f6letler ve<br \/>\nT\u00fcm Havuz \u0130htiya\u00e7lar\u0131n\u0131z\u0131 tam ve eksiksiz sa\u011flayabilmek i\u00e7in bir telefon kadar yak\u0131n\u0131n\u0131zday\u0131z&#8230;<\/div>\n<\/div>\n","protected":false},"excerpt":{"rendered":"<p>TIGERSHARK 2 OTOMAT\u0130K ELEKTR\u0130KL\u0130 HAVUZ ROBOTU ASCL\u00ae Mikroi\u015flemci kontrol\u00fc ile her havuz formuna ve boyutuna uyum sa\u011flar. Tamamen otomatiktir. Havuz<\/p>\n","protected":false},"featured_media":9214,"template":"","meta":[],"product_brand":[],"product_cat":[315,499],"product_tag":[],"class_list":{"0":"post-9213","1":"product","2":"type-product","3":"status-publish","4":"has-post-thumbnail","6":"product_cat-havuz-robotlari","7":"product_cat-tiger-shark-havuz-robotu","9":"first","10":"instock","11":"taxable","12":"shipping-taxable","13":"product-type-simple"},"_links":{"self":[{"href":"https:\/\/tunahavuz.com\/online\/wp-json\/wp\/v2\/product\/9213","targetHints":{"allow":["GET"]}}],"collection":[{"href":"https:\/\/tunahavuz.com\/online\/wp-json\/wp\/v2\/product"}],"about":[{"href":"https:\/\/tunahavuz.com\/online\/wp-json\/wp\/v2\/types\/product"}],"version-history":[{"count":1,"href":"https:\/\/tunahavuz.com\/online\/wp-json\/wp\/v2\/product\/9213\/revisions"}],"predecessor-version":[{"id":29515,"href":"https:\/\/tunahavuz.com\/online\/wp-json\/wp\/v2\/product\/9213\/revisions\/29515"}],"wp:featuredmedia":[{"embeddable":true,"href":"https:\/\/tunahavuz.com\/online\/wp-json\/wp\/v2\/media\/9214"}],"wp:attachment":[{"href":"https:\/\/tunahavuz.com\/online\/wp-json\/wp\/v2\/media?parent=9213"}],"wp:term":[{"taxonomy":"product_brand","embeddable":true,"href":"https:\/\/tunahavuz.com\/online\/wp-json\/wp\/v2\/product_brand?post=9213"},{"taxonomy":"product_cat","embeddable":true,"href":"https:\/\/tunahavuz.com\/online\/wp-json\/wp\/v2\/product_cat?post=9213"},{"taxonomy":"product_tag","embeddable":true,"href":"https:\/\/tunahavuz.com\/online\/wp-json\/wp\/v2\/product_tag?post=9213"}],"curies":[{"name":"wp","href":"https:\/\/api.w.org\/{rel}","templated":true}]}}