{"id":9244,"date":"2022-12-21T01:31:31","date_gmt":"2022-12-20T22:31:31","guid":{"rendered":"https:\/\/tunahavuz.com\/?post_type=product&#038;p=9244"},"modified":"2025-08-07T12:23:20","modified_gmt":"2025-08-07T09:23:20","slug":"zeolit-havuz-filtre-kumu","status":"publish","type":"product","link":"https:\/\/tunahavuz.com\/online\/urun\/zeolit-havuz-filtre-kumu\/","title":{"rendered":"Zeolit Havuz Filtre Kumu"},"content":{"rendered":"<p>Zeolit Havuz Filtre Kumu<\/p>\n<h3>Havuz Filtre Kumu<\/h3>\n<h1><\/h1>\n<div>\n<div>1 Paket = 25 kg<\/div>\n<div><\/div>\n<div>\n<div>Zeolit \u200b havuz filtrasyon dolum ekipman\u0131 olarak kullan\u0131l\u0131r<br \/>\nNormal filtre kumundan daha ince filtreler.<br \/>\nAncak ters y\u0131kamadan sonra tuzlu suyla y\u0131kanmas\u0131 gerekmektedir.<br \/>\n\u00dclkemizde \u00e7ok pop\u00fcler olmamas\u0131na ra\u011fmen yurt d\u0131\u015f\u0131nda tercih edilmektedir.<br \/>\nZeolit, amonya\u011f\u0131 havuz suyundan \u00e7eker ve y\u00fczme havuzu kimyasal\u0131n\u0131n verimlili\u011fini artt\u0131r\u0131r, b\u00f6ylece bak\u0131m s\u00fcrelerini azalt\u0131r.<br \/>\nFiltrede zeolit kullan\u0131m\u0131n\u0131n bir\u00e7ok faydas\u0131 vard\u0131r.<br \/>\nHavuz kokusunu, g\u00f6z ve cilt tahri\u015fini azaltan kloramin olu\u015fumunu azalt\u0131r.<br \/>\nKir tutma kapasitesi nedeniyle geri y\u0131kamay\u0131 azalt\u0131r.<br \/>\nBu durumda su israf\u0131n\u0131 % 50&#8217;lere kadar azalt\u0131r.<br \/>\nDaha az geri y\u0131kama imkan\u0131 sunar.<br \/>\nDaha d\u00fc\u015f\u00fck g\u00fc\u00e7 maliyetleri.<br \/>\nUzun pompa \u00f6mr\u00fc.<br \/>\nKlorun daha verimli kullan\u0131lmas\u0131na ve pH kontrol\u00fc i\u00e7in kullan\u0131lan kimyasallar\u0131n azalt\u0131lmas\u0131na neden olur.<br \/>\nKuvars kumun 4-6 y\u0131lda bir de\u011fi\u015ftirilmesi gerekirken 8-10 y\u0131lda bir de\u011fi\u015ftirilir.<br \/>\nZeolit \u200b\u200bkumdan daha d\u00fc\u015f\u00fck bir k\u00fctle yo\u011funlu\u011funa sahiptir.<br \/>\nB\u00f6ylece normalde kullanaca\u011f\u0131n\u0131z filtre kumunun % 75&#8217;ini gerektirir.<br \/>\nFiltreniz i\u00e7in 100 kg filtre kumu gerekiyorken zeolit kullanacaksan\u0131z 75 kg \u200b\u200bgerekir.<\/div>\n<div><\/div>\n<\/div>\n<div>\n<h1><img fetchpriority=\"high\" decoding=\"async\" class=\"\" src=\"https:\/\/havuzdan.myideasoft.com\/class\/INNOVAEditor\/assets\/zeolit-gemas-havuzdan.jpg\" alt=\"\" width=\"717\" height=\"510\" border=\"0\" \/><\/h1>\n<\/div>\n<div><\/div>\n<div>\n<div>25 kg torbalarla sevk edilmektedir.<\/div>\n<div>Filtre b\u00fcy\u00fckl\u00fc\u011f\u00fcne g\u00f6re ihtiya\u00e7 olan kum miktar\u0131 de\u011fi\u015fir.<\/div>\n<div><\/div>\n<div>Genel olarak;<\/div>\n<div>500-550 mm filtreler i\u00e7in 100 kg filtre kumu<\/div>\n<div>600-650 mm filtreler i\u00e7in 150 kg filtre kumu<\/div>\n<div>700-750 mm filtreler i\u00e7in 250 kg filtre kumu<\/div>\n<div>800-850 mm filtreler i\u00e7in 350 kg filtre kumu<\/div>\n<div>900-950 mm filtreler i\u00e7in 450 kg filtre kumu<\/div>\n<div>kullan\u0131lmas\u0131 \u00f6nerilir.<\/div>\n<div><\/div>\n<div><img decoding=\"async\" src=\"data:image\/jpeg;base64,\/9j\/4AAQSkZJRgABAQAAAQABAAD\/2wCEAAkGBxIQEhUREhIVEhUVFhUVFxcXFhAVFhUVFRcXFhUVFRUYHSggGBolHRcVITEhJSkrLi4uFx8zODMsNygtLisBCgoKDg0OGxAQGi0lHiUvLS0tNy8tLS8tLS0tLS0tLS0tLS0tLS0tLS0tLS0tLS0rLS0tLS0tLS0tLS0tLS0rLf\/AABEIAOEA4QMBIgACEQEDEQH\/xAAcAAEAAQUBAQAAAAAAAAAAAAAAAwIEBQYHAQj\/xABIEAABAwIDBAcEBgYGCwAAAAABAAIDBBEFEiEGMUFhBxMiUXGBkTKhscEjQlJiktEUM0NTcvAIJHOCssMVF1Rjg5OiwtLh8f\/EABoBAQACAwEAAAAAAAAAAAAAAAABBAIDBQb\/xAAuEQACAgIBAwEFCAMAAAAAAAAAAQIDBBExEiFBURMiMjORBRRCgaHB4fAjYbH\/2gAMAwEAAhEDEQA\/AO4oiIAiIgCIiAIiIAiIgCIiAIiIAiIgCKkSDdceoVSAIiIAiIgCIiAIiIAiIgCIiA8REQBERAEREAREQBERAEREAREQBWGOOcISGGxc5jLjeA97WOI52JtzV+sdi1dTNY5k8rGhwsQXAG3Ib1KIfBy3pFp2x0bqlg6t8b4gxzbNzZnNY5oIAJaAQQTqS3Sw39B6PMTkq8Opp5rmRzCHE73ZHuYHn+INDvNcl26x2nqqhlM6SaWnjlizdW2JhlFjd2cm2m7XJYkm25dgwXGKERsip5oxGxrWMaDYBrQA0C\/Kyyk9mMe3JnEXjXA6g3HJerAzCIiAIiIAiIgCIiAIiIAiIgCIiAIiIAiIgCIiAIiIDAba7SjDabr+r61xcGNZmyAmznG77G3Za7gdbDitRx3pYhaKd1K6NwcGyz9YH3Yw5bQtsReY5nDTNlyG41XnSrIagiGO2aMHUvIaS7eHANO6w48SuR1my05dduQiwGrrWtpYdnct0aJtbSKs8umEtSkkbjtD0n1FQSxjupboQ1psS0jQl97n3eC06oxJ7rkvjd3\/AE0BPPQOuUqdl6o5SerJyj67NALgD2eFuKyuFbJSGLtU0L3EntmcN0voMlll93sX4WQsuhvSmvqa8yrAcC+xaA8ECSJ9yWkNNsw3OynfwVxhuJOpxkuTbXQHQEAjdyWSxLZKYObaGFg1BAmDg7n7Oix0+ztQ83PV3sNS6x0AFrNbbTdfjZFRY\/wsh5VC5mvqbHgm30sBuyUgcQTp5tOhW6O6YAwR5qbPcgyOa\/LZhcGXa0g3dc3tcDTnpyMbMzj68Y8C\/wD8VUMBm4yA99jJuve17clLxrPQhZlHiaO7dGO2cuJMl\/SBGyRrxkyXAcxzc1gCTctIeL8bclvS4LsJI+kmbJka6x4h92tOht2rXtfePRd1p6lkgzMcHDkb+vctU4OL7liq2M12ZKiItZtCIiAIiIAiIgCIiAIiIAiIgCIiAKl7wBckADidArLF8UZTMzO1J9lvEn5Dmue4rjck5u52nBo0aPALbXVKfBXuyIVc8m54jtTDHoy8h5aN\/F+S1fEdoqiYaXa08GBwHmd5WNpaN8gz9i333EX56a23+hVf6I\/91Ce7SUn14rVLLxapuDnHa52zGCstW5KSXjS3+6LCaN32HfhcrR7bclnnUk4B+hBHHK+2l7ned3591lhamdrrFudhvc\/SEg6cbAfzdXcfL9t8npkvOpJ6KORi40fmTcX43B9\/1LZ2a+h087qF7HHj8VM6Qd6jLwukuo4b6CPqH9496oEEh3m3irrrwvP0gJuRKVZCKN32wPAK4gpg3e4u8fyVIqG96968d6wkpM3wlBcF7G4BXtLXOYbtcWnvBIKwonVX6StLr2WoZC9TfMP2rkbYPs8c9HeoWzYfjMU2gdZ32XaHy4FcgbXK4hxHmq08dF6rNO0ItN2Y2ouRFMbg6NeeHJx7uf8AI3JVJRcXpnRhNSW0ERFiZhERAERYba3Af0+nNP18kAJBLo8vaA+q6+pbexsCNw1tcEDMouD4v0eY1QXko6uWdo1tFNMyQD+yc6zvAEnkpdk+mGenPUYkx8oDrGRrWtmj7xJHYB1vI8ip0Rs7mix+B45TVsYlppmSs45Tq09z2nVp5EArIKCQiK3xF5bFI4bwx58w0lAznG0+JmeZxB7I7LfAcfPf5rBi5OgJPcASfQKqofqrfDa9sbnFwzXsBoCLXuQQd40b6LsRThX7i2149TzNs1ZelZLSb7v0MyMRmY0Fzmxi2gyG9hoBa2m7iQq2bQgbwZB5s18nHTVWQxNhNw+RnJrYw3x3kq\/pqtjmm7nSWv2iJNO7NZpbb03Lhyx4N\/5MJflp\/wDFs6yUX8rOX5p\/vLRBU4+HtczqQM285zct+zcAHx1WObURDfA0+L5fk4KnEHtdI4tta9hYWBAAbmtwva\/moAF6DEwqKK9VQ6U+7Xfk8vlZl1lj65dWuyelx9Ct8jS64jaB9m77eN7396OlZb9U0f3pfmVP\/o2X9270KhdSSD9m\/wDC78lZ1H+s0bsXK\/T+CjrI\/wB36OKjPV9zh5g\/JeyREbwR4ghRkKelE9b\/AKgWM4Fw8QD8CqDADuc3z0+K8VDlDRkpf6KZYnN3gi+7moxIW6g\/NVFRvKwaN0X6Cea+oBaeNjoT3gcFCKtzT3ql5Vu8rVKKLNbezP4biAdqP\/i7DsniBnp2km7m9g87WIPoR6LgGHSkPsNx3rsnRrISyUdxjPrm\/Jc7JijuYUmboiIqZ0QiL1AEREAWqbcbC02JxuzNEc4FmTtAzAjcH\/bZ9095tY6rL1u0VLDnEk7Glgu5t+3a5Gjd51BGncVpf+sVk5LqeeO1ierNgWjQXeS34G2vmpRDZw+UVmFVTmB0lNURGxLSRcDUEcHxneLggjguh4P03VAaGVEEUjvttLmZv4mi4B5j0WE2vxGrrqlkrv0eRrGZG3khY0DPmP7S+ug+QWs1tC57y\/JFE0Gzu2Ay\/ENePa8rrLRjs+nNj8fbiNLHVNbkLswcy+bI5pLSM1hcaXBsNCFf4t+ol\/s5P8JXztsPjraRjmvrREC++RjZnPOgHZLBYbhqT5cVtdX0g1DYw9jHdRJnZnmdo8ey7LdxIsTv5jwUaDl2MfVO9oX5fyCsex6sWY8KiZzAwANaTmBd2iHWvY7gQW+hXrptV1sezaPOZlDUjLxPWZFewU3VtuHl3a5t11B8mhazBNdXTJFb7S5OW04b0XYKusPka2RpcLgEEqxa5XVI6zgSL71slwaYL3kbccYj+97vzULsaiOlna8h+agp4WP3Dyt52U5o4xvA48Nbj4Lnuda9Tt9F0vQwGMYkZDlGjQfU957vBWtXPmaLixXtVTjtOadATvtpberEyC29W1rXY5cuvqfV5KmlQvKqzi29RuKz2YJFBUL3KUqF6wZuiiGQqB+4qaRQPWuRZqPKE\/SD+e9dk6MTpN4Rf5i4zRfrB4rsnRfum8Iv8xc7J4OzhfEb4iIqR1AiIgCIiA+Xtu+shq5m5ngtmqQDmd7Bme9gt3WeOS1+Cvew3a7KdbkCxIO\/dv8ANfTe3OExyUdZII29aaWdofYZrZM2W\/cSxn4R3L5ZUpmOjIYtXl4hsyJmWMC7GNBc4PcC53eSA0k6fFR1k7i1t3uItextYd+UcPRZCnZTTMgY5j2uZmEhz6PDnZm5Ra7bXN9fCyttoYWMfkYCA24F3OdppbeU2DFdYb6E+WnwWbx6RxbHwbpoHXaC6Nh3AaE\/Ja+5XEFY8M6kOPVl2ct0tmtbNuvuU+Q+DY8Iw7q2icu9tm7UWBsflvUNRXButiR3gaeqtcTxAuhgiadBG3PYjeNA0+Fr25rDhx71Y9q49olT2Cn3mbJT4y0HU28QVnaWbMtDI8tL+ouPULO7L1ZuYj3Xb8x7wrWPkNy6ZHPzcKKg5x8G3xlXLFaxlXDF0vB57yXtBWmN\/GxIvYndyPArPyVLHC7b2NtDvB1vrxGq1mIhXTZyBoVTsp29nToyumOigPBil11OeyxVe1vZy\/Z18e9XRdoR4qF+5bI1afJosyNrgsAVM5VkKgrao6NEp9RGVC9TlQvUMzRbvUL1NIoJFqkWqimj9oLsnRf7M3\/C\/wAxcapT2x4rs\/Re3sTHnH8H\/mqGTwdjC+I3lERUTqBERAERUyNuCN2hQHDtvelCZ8skFK5jYGl0RO98p9h+jm6MuTbKdRrfWw5NILEjdYlXGKUclLI+mmblkjfkdffduYAj7rs2YHiCCrZoUkF5QSWK9xR93XvdX2EYI6tm6iJ7IiIzIXOz2s0tB3XN+0PesftFhv6JJ1RmbKbaltrDl7RPrZSzExz1SHWSxUkeW4vfy4oSyrrtALn3W9VdwUbSzN1g7W4AE2I4Ova3lfzWNasnRCYRnq7WJ5XvpuusorbNc30rZbZja3r5bvmsps6w9aXcACPM2UdNhDj7RA8NSs9Q0gjFgrmPTLqUmc\/MyodDjF72ZyAq4aVawKddVcHmJckoKqzaKHMvC5GgpaPc2ijJReOKaGykqglVFUOUMySI3lRPKkeoXhYM3oheVbynRTuVvMtci1WU0X61vj8iu3dGQ+ilP3mj0b\/7XEaL9a3xPwK7l0ZD+ryH\/eW9GN\/Nc7J4OxhrubiiIqZ0giIgCIiAw2P7K0VeP61TxykCwcRZ4Hc2RtnD1XAelbB6OiqmUlHHI0sZmlLnSPBMmUxhpcSdAD+Ib19LrhXT3gRjqIq8OGWUNhLeIfGHODr8QW6csvPSSGcuxCnIDXOA14Etvcd7d43711z+jxhYLaqoOUjNHEG5QSC0F+a\/D27eS5BWjW+utt5uu8\/0fqZjaCWRpJc+dweNLAsa3Lb+6QVPqQjn20HRpibaqYspXTROlkcxzHxEFjnEt7JcCCARoRwUGG9FGKzPAdTNgbxfJJELeTC5x9F9MLxRsnR8y7Q9G76OYxOqGvADTcRuaTcX0Bceet1iaueOFuVuuXSw+Z7+K6L00YzC2QiKZjpCxrSGuaXNN3ZrgHQ2+IXG731GveCt6sUV7vJVlU7JPrfZcGVhxoj6vvWwYZWMmF27xvHELTzD2A8EWJItxBFr6d2o9Vd4TUdVM0jc6wI8dPcVvpyJKSUuCrlYUJQbjyjfYhuU1lHCpV10jysn3CpVdlQUIKSqCqyqShkigqlyqKpKxZsiROUTlK9ROWDNyIHq2kVy9W0i1TLVR7h4+kHmu6dGrf6q498rv8LAuG4YO2u8dHjLUbT3veffb5LnZB2sPk2ZERVDoBERAEREAXNunulz4a1\/7qoid5OD4\/8AvC6StS6VqB0+FVTGi7msbKANT9C9spt5MKA+ZKp1w3wXWeg\/aemo6SqbUzMiAmZIMx1dnjDTlaNXfq+AXI3vBaB3KC6ybMUd22g6boWXZRwmV3B8l2t8QwakeJC5htJt7iNbcS1DmMP7OP6Ntu4hup8yVrPWHh2Ry+Z3rMbPbJVtef6tTvkaT+sIyRDv+kdYHwFzyUAwgCkj0Pr6WN11Z\/Qu+CmfUVE4kkYA7qogQ3KPbvIdXWGugG7itVrdnY3j6P6PhbUtPzC3V1Smm0V7smFUkpeTVI3aEd6vMMpi+RoG4EE+SzNNsxr233Hc0W95WdosNZH7IsrVOJNtORQyvtKuMWoPbLyIWCkBXgavbLrHmH3Krqgr0qkoCkqkqoqkqDNFJVJXpVJWLNkURyKF6leVC8rWzaiB6t5VcPKtpStcy3Ui5wcXkX0FsjB1dHCO9ub8ZLh7iuDbIYc+qq4oY97ndo\/ZjGr3Hy95A4r6PjYGgNAsAAAO4DQBcu+W3o72JHS2VIiKuWwiIgCIiALxzbix1XqIDjW1vQp1j3SUErIw436mXMGNvvEcjQSG9zSDbvtuwVB0H17ngTTU8TOLmmSV3kzK0epC+gkQaNE2b6J8No7OdGaqQfXns4A8oh2B5gnmt5YwAAAWA0AGgA5BVIgPCLrkW2+y7qN5ljF4HHh+ycT7B+7fcfLuv15USxNeC1wDgRYggEEHeCDvC2VWuuW0aMjHjdDpZ8+sU7Stx2w2GELZKmncBGxrnvjcT2WtF3GN3EWv2T5HgtDgqWu3EHzXaoyITXY8rl4NlT7rsXqKESKrOrGyh0srKpK8L1SXJsnQK8K8LlQ56jZmkz1yjcjpFC+VYNm2MWeuKhkcqZJVZzVIWuUkixCttksj1DBA+aRsUTTJI85WtbqSeXxvuCsJsQbrY38F9G7E7J01DEHxXkkkaC6VwGdwOtgPqN+6PMk6qjfkLhHXxsNvuyHo\/wBkG4dFd9nTyW6xw3NG8Rs+6O\/ifIDbERUG9nXSSWkERFBIREQBERAEREAREQBERAEREBp\/Spi8VPQSxvd26hpiiaN7nEXJ\/haLknwG8hfNc8pBzNJB7wSF1Tp7le2rpiR2Oodk5PEn0tudur9y5RUa6rJdjB92XdPjszN5Dhz3+oWSh2jJF3M03GzmE\/huD52WtL3qza9tL2ViORZHyVZ4VE+Ym2M2ijPG3jopBjkZ+u31C09rrajRXhxWYjVzT4xwO\/xMK2rMmVn9l0+Nmbm2kY24Acbd1re8qhm0UbuJb4rXJnl93G27XK1jB6NACgAWP3yzZsX2bRo2h+PR9\/xVrLj44An3LBIsXlWMzjgUovp8Xkdus33q0dK53tEn+e5UFAtEpylyy1CqEPhRdU1gvoroh2vOIU7oZABNS5GG1wHxEERPtwPZIPMX0vYfOERA3rtP9HvDXj9Kqj7D+riae1q5uZzxqOGZo001PcsWZrk7KiIsTIIiIAiIgCIiAIiIAiIgCIiAIiIDXdudk4sUp+peSx7TnikGpjfa1yPrNO4t48iAR807SbOVWHy9TUxlh1yuFzHIB9aN\/wBYct44gL64VpieGQ1UZiniZNGd7XtDhyNjuPNTsho+OwqtV3LaHoQgeS6jndAf3cgMrPAPuHt8y5aFi3Rdi1Pe0HXtHGF7Hjya7K70ap2Ro0phtwB9fkVemuB3xt\/DB8XRk+9VTYVPCfpqaaO2\/rI5o\/e4BUtkhP1PSUH\/AKbLJGDIKidrv2YHgIx8GBW388PyV1OI+AcPEhW0pANjoeZCholFKFI+0bN7R7hqfQLMUmytdNbqqOoffiIZQ0ci9wDR6qDIwwK8JXQ8I6G8TnsZRFSt49Y8PfbkyO49XBdJ2Y6H6GlIkqL1kgt7bQ2EHvEIuD\/eLk2Scs2A6OZ8UtI7PBAHaylo7bNNIQfadvGaxaOZFj9HYPhcVJCyngYI44xla0epJPEkkkk6kklXbWgCwFgNPJerEkIiIAiIgCIiAIiIAiIgCIiAIiIAiIgCIiAIiIDyyt5sPhf7cUbv4mMPxCuUQGOOBUn+zQf8qL8lXHg1M32aeEeEcY+SvkQFEcLW+y0N8AB8FWiIAiIgCIiAIiIAiIgCIiAIiIAiIgCIiAIiIAiIgCIiAIiIAiIgCIiAIiIAiIgCIiAIiIAiIgCIiA\/\/2Q==\" alt=\"GEMA\u015e KUVARS KUM ile ilgili g\u00f6rsel sonucu\" \/><\/div>\n<div>A\u00c7IKLAMA<\/div>\n<div>Daha b\u00fcy\u00fck filtreler i\u00e7in kum miktar\u0131 haliyle de\u011fi\u015fecektir.<\/div>\n<div>Filtrelerde kullan\u0131lan kumun \u00f6mr\u00fc 5 ile 6 y\u0131l aras\u0131ndad\u0131r.<\/div>\n<div>A\u00e7\u0131k havuzlarda y\u0131lda 1 defa kapal\u0131 havuzlarda 6 ayda bir filtre ve filtre kumuna bak\u0131m yap\u0131lmas\u0131 tavsiye edilir.<\/div>\n<div>\n<div>Bak\u0131m konusunda, nas\u0131l yap\u0131lmas\u0131 gerekti\u011fi konusunda\u00a0\u00a0bizden teknik destek alabilirsiniz.<\/div>\n<div><\/div>\n<div>Profesyoneller yada Bireyseller i\u00e7in y\u00fcksek kaliteli markalar\u0131, teknolojiye uygun \u00fcr\u00fcnleri <strong>Tuna Havuz<\/strong> olarak<br \/>\nT\u00fcrkiye\u2019nin d\u00f6rt bir yan\u0131na sunmaktay\u0131z. Ev Havuzu, Y\u00fczme Havuzu, Olimpik Havuzlar, Bah\u00e7e Havuzlar\u0131, G\u00f6letler ve<br \/>\nT\u00fcm Havuz \u0130htiya\u00e7lar\u0131n\u0131z\u0131 tam ve eksiksiz sa\u011flayabilmek i\u00e7in bir telefon kadar yak\u0131n\u0131n\u0131zday\u0131z&#8230;<\/div>\n<\/div>\n<\/div>\n<\/div>\n","protected":false},"excerpt":{"rendered":"<p>Zeolit Havuz Filtre Kumu Havuz Filtre Kumu 1 Paket = 25 kg Zeolit \u200b havuz filtrasyon dolum ekipman\u0131 olarak kullan\u0131l\u0131r<\/p>\n","protected":false},"featured_media":9249,"template":"","meta":[],"product_brand":[],"product_cat":[574,300,597],"product_tag":[],"class_list":{"0":"post-9244","1":"product","2":"type-product","3":"status-publish","4":"has-post-thumbnail","6":"product_cat-filtre-dolum-malzemeleri","7":"product_cat-havuz-filtreleri","8":"product_cat-kuvars-kumu-kirma","10":"first","11":"instock","12":"taxable","13":"shipping-taxable","14":"product-type-simple"},"_links":{"self":[{"href":"https:\/\/tunahavuz.com\/online\/wp-json\/wp\/v2\/product\/9244","targetHints":{"allow":["GET"]}}],"collection":[{"href":"https:\/\/tunahavuz.com\/online\/wp-json\/wp\/v2\/product"}],"about":[{"href":"https:\/\/tunahavuz.com\/online\/wp-json\/wp\/v2\/types\/product"}],"version-history":[{"count":1,"href":"https:\/\/tunahavuz.com\/online\/wp-json\/wp\/v2\/product\/9244\/revisions"}],"predecessor-version":[{"id":29505,"href":"https:\/\/tunahavuz.com\/online\/wp-json\/wp\/v2\/product\/9244\/revisions\/29505"}],"wp:featuredmedia":[{"embeddable":true,"href":"https:\/\/tunahavuz.com\/online\/wp-json\/wp\/v2\/media\/9249"}],"wp:attachment":[{"href":"https:\/\/tunahavuz.com\/online\/wp-json\/wp\/v2\/media?parent=9244"}],"wp:term":[{"taxonomy":"product_brand","embeddable":true,"href":"https:\/\/tunahavuz.com\/online\/wp-json\/wp\/v2\/product_brand?post=9244"},{"taxonomy":"product_cat","embeddable":true,"href":"https:\/\/tunahavuz.com\/online\/wp-json\/wp\/v2\/product_cat?post=9244"},{"taxonomy":"product_tag","embeddable":true,"href":"https:\/\/tunahavuz.com\/online\/wp-json\/wp\/v2\/product_tag?post=9244"}],"curies":[{"name":"wp","href":"https:\/\/api.w.org\/{rel}","templated":true}]}}