{"id":9360,"date":"2022-12-21T03:36:54","date_gmt":"2022-12-21T00:36:54","guid":{"rendered":"https:\/\/tunahavuz.com\/?post_type=product&#038;p=9360"},"modified":"2025-08-07T11:57:21","modified_gmt":"2025-08-07T08:57:21","slug":"tasma-gideri-suzgeci-paslanmaz-celik-110-mm","status":"publish","type":"product","link":"https:\/\/tunahavuz.com\/online\/urun\/tasma-gideri-suzgeci-paslanmaz-celik-110-mm\/","title":{"rendered":"Ta\u015fma Gideri S\u00fczgeci Paslanmaz \u00c7elik 110 mm"},"content":{"rendered":"<h1>Neta\u00a0Ta\u015fma Gideri S\u00fczgeci Paslanmaz \u00c7elik<\/h1>\n<h1><\/h1>\n<h1><\/h1>\n<h1><img decoding=\"async\" src=\"https:\/\/www.havuzdan.com\/class\/INNOVAEditor\/assets\/Neta_%C4%B1zgara_kenar_profili_ve_savak_gideri_5.png\" alt=\"\" border=\"0\" \/><\/h1>\n<h1><\/h1>\n<h1><img fetchpriority=\"high\" decoding=\"async\" class=\"\" src=\"https:\/\/www.havuzdan.com\/class\/INNOVAEditor\/assets\/Neta_paslanmaz_ta%C5%9Fma_gideri_s%C3%BCzgeci_3.png\" alt=\"\" width=\"616\" height=\"616\" border=\"0\" \/><\/h1>\n<p>&nbsp;<\/p>\n<p>Profesyoneller yada Bireyseller i\u00e7in y\u00fcksek kaliteli markalar\u0131, teknolojiye uygun \u00fcr\u00fcnleri <strong>Tuna Havuz<\/strong> olarak<br \/>\nT\u00fcrkiye\u2019nin d\u00f6rt bir yan\u0131na sunmaktay\u0131z. Ev Havuzu, Y\u00fczme Havuzu, Olimpik Havuzlar, Bah\u00e7e Havuzlar\u0131, G\u00f6letler ve<br \/>\nT\u00fcm Havuz \u0130htiya\u00e7lar\u0131n\u0131z\u0131 tam ve eksiksiz sa\u011flayabilmek i\u00e7in bir telefon kadar yak\u0131n\u0131n\u0131zday\u0131z&#8230;<\/p>\n","protected":false},"excerpt":{"rendered":"<p>Neta\u00a0Ta\u015fma Gideri S\u00fczgeci Paslanmaz \u00c7elik &nbsp; Profesyoneller yada Bireyseller i\u00e7in y\u00fcksek kaliteli markalar\u0131, teknolojiye uygun \u00fcr\u00fcnleri Tuna Havuz olarak T\u00fcrkiye\u2019nin<\/p>\n","protected":false},"featured_media":9361,"template":"","meta":[],"product_brand":[],"product_cat":[299,306,452],"product_tag":[],"class_list":{"0":"post-9360","1":"product","2":"type-product","3":"status-publish","4":"has-post-thumbnail","6":"product_cat-havuz-ekipmanlari","7":"product_cat-havuz-kenar-ekipmanlari","8":"product_cat-savak-izgaralari-ve-aksesuarlari","10":"first","11":"instock","12":"taxable","13":"shipping-taxable","14":"product-type-simple"},"_links":{"self":[{"href":"https:\/\/tunahavuz.com\/online\/wp-json\/wp\/v2\/product\/9360","targetHints":{"allow":["GET"]}}],"collection":[{"href":"https:\/\/tunahavuz.com\/online\/wp-json\/wp\/v2\/product"}],"about":[{"href":"https:\/\/tunahavuz.com\/online\/wp-json\/wp\/v2\/types\/product"}],"version-history":[{"count":1,"href":"https:\/\/tunahavuz.com\/online\/wp-json\/wp\/v2\/product\/9360\/revisions"}],"predecessor-version":[{"id":29467,"href":"https:\/\/tunahavuz.com\/online\/wp-json\/wp\/v2\/product\/9360\/revisions\/29467"}],"wp:featuredmedia":[{"embeddable":true,"href":"https:\/\/tunahavuz.com\/online\/wp-json\/wp\/v2\/media\/9361"}],"wp:attachment":[{"href":"https:\/\/tunahavuz.com\/online\/wp-json\/wp\/v2\/media?parent=9360"}],"wp:term":[{"taxonomy":"product_brand","embeddable":true,"href":"https:\/\/tunahavuz.com\/online\/wp-json\/wp\/v2\/product_brand?post=9360"},{"taxonomy":"product_cat","embeddable":true,"href":"https:\/\/tunahavuz.com\/online\/wp-json\/wp\/v2\/product_cat?post=9360"},{"taxonomy":"product_tag","embeddable":true,"href":"https:\/\/tunahavuz.com\/online\/wp-json\/wp\/v2\/product_tag?post=9360"}],"curies":[{"name":"wp","href":"https:\/\/api.w.org\/{rel}","templated":true}]}}