{"id":9363,"date":"2022-12-21T03:50:21","date_gmt":"2022-12-21T00:50:21","guid":{"rendered":"https:\/\/tunahavuz.com\/?post_type=product&#038;p=9363"},"modified":"2025-08-07T11:57:12","modified_gmt":"2025-08-07T08:57:12","slug":"duvar-selalesi-l15-m","status":"publish","type":"product","link":"https:\/\/tunahavuz.com\/online\/urun\/duvar-selalesi-l15-m\/","title":{"rendered":"Duvar \u015eelalesi L=1,5 m"},"content":{"rendered":"<div>\n<div>\n<h1>Gema\u015f Duvar \u015eelalesi;<\/h1>\n<h2>Duvar Su Perdesi,<\/h2>\n<\/div>\n<\/div>\n<p><img fetchpriority=\"high\" decoding=\"async\" class=\"\" src=\"https:\/\/www.havuzdan.com\/class\/INNOVAEditor\/assets\/11111%20duvar%20%C5%9Felalesi.jpg\" alt=\"\" width=\"719\" height=\"539\" border=\"0\" \/><\/p>\n<p><a class=\"medium awesome\" href=\"https:\/\/www.havuzdan.com\/kategori\/sus-havuzlari\">DUVAR\u00a0\u015eELALES\u0130N\u0130N \u00d6ZELL\u0130KLER\u0130:<\/a><\/p>\n<p>L: 1,5 m.<\/p>\n<p>AISI 304 Kalite ,<\/p>\n<p>Paslanmaz \u00c7elik,<\/p>\n<p>2 x1 1\/2&#8243; i\u00e7ten di\u015fli ba\u011flant\u0131,<\/p>\n<p>Sabitleme kulaklar\u0131 ile komple.<\/p>\n<p>Not: 1-1 1\/2 hp &#8220;STREAMER&#8221; pompa ile\u00a0kullan\u0131lmal\u0131d\u0131r.<\/p>\n<p>&nbsp;<\/p>\n<p>Profesyoneller yada Bireyseller i\u00e7in y\u00fcksek kaliteli markalar\u0131, teknolojiye uygun \u00fcr\u00fcnleri <strong>Tuna Havuz<\/strong> olarak<br \/>\nT\u00fcrkiye\u2019nin d\u00f6rt bir yan\u0131na sunmaktay\u0131z. Ev Havuzu, Y\u00fczme Havuzu, Olimpik Havuzlar, Bah\u00e7e Havuzlar\u0131, G\u00f6letler ve<br \/>\nT\u00fcm Havuz \u0130htiya\u00e7lar\u0131n\u0131z\u0131 tam ve eksiksiz sa\u011flayabilmek i\u00e7in bir telefon kadar yak\u0131n\u0131n\u0131zday\u0131z&#8230;<\/p>\n","protected":false},"excerpt":{"rendered":"<p>Gema\u015f Duvar \u015eelalesi; Duvar Su Perdesi, DUVAR\u00a0\u015eELALES\u0130N\u0130N \u00d6ZELL\u0130KLER\u0130: L: 1,5 m. AISI 304 Kalite , Paslanmaz \u00c7elik, 2 x1 1\/2&#8243;<\/p>\n","protected":false},"featured_media":9364,"template":"","meta":[],"product_brand":[],"product_cat":[299,302],"product_tag":[],"class_list":{"0":"post-9363","1":"product","2":"type-product","3":"status-publish","4":"has-post-thumbnail","6":"product_cat-havuz-ekipmanlari","7":"product_cat-havuz-fiskiyeleri","9":"first","10":"instock","11":"taxable","12":"shipping-taxable","13":"product-type-simple"},"_links":{"self":[{"href":"https:\/\/tunahavuz.com\/online\/wp-json\/wp\/v2\/product\/9363","targetHints":{"allow":["GET"]}}],"collection":[{"href":"https:\/\/tunahavuz.com\/online\/wp-json\/wp\/v2\/product"}],"about":[{"href":"https:\/\/tunahavuz.com\/online\/wp-json\/wp\/v2\/types\/product"}],"version-history":[{"count":1,"href":"https:\/\/tunahavuz.com\/online\/wp-json\/wp\/v2\/product\/9363\/revisions"}],"predecessor-version":[{"id":29466,"href":"https:\/\/tunahavuz.com\/online\/wp-json\/wp\/v2\/product\/9363\/revisions\/29466"}],"wp:featuredmedia":[{"embeddable":true,"href":"https:\/\/tunahavuz.com\/online\/wp-json\/wp\/v2\/media\/9364"}],"wp:attachment":[{"href":"https:\/\/tunahavuz.com\/online\/wp-json\/wp\/v2\/media?parent=9363"}],"wp:term":[{"taxonomy":"product_brand","embeddable":true,"href":"https:\/\/tunahavuz.com\/online\/wp-json\/wp\/v2\/product_brand?post=9363"},{"taxonomy":"product_cat","embeddable":true,"href":"https:\/\/tunahavuz.com\/online\/wp-json\/wp\/v2\/product_cat?post=9363"},{"taxonomy":"product_tag","embeddable":true,"href":"https:\/\/tunahavuz.com\/online\/wp-json\/wp\/v2\/product_tag?post=9363"}],"curies":[{"name":"wp","href":"https:\/\/api.w.org\/{rel}","templated":true}]}}