{"id":9379,"date":"2022-12-21T04:04:50","date_gmt":"2022-12-21T01:04:50","guid":{"rendered":"https:\/\/tunahavuz.com\/?post_type=product&#038;p=9379"},"modified":"2025-08-07T11:56:25","modified_gmt":"2025-08-07T08:56:25","slug":"50-mm-yandan-besleme-nozulu","status":"publish","type":"product","link":"https:\/\/tunahavuz.com\/online\/urun\/50-mm-yandan-besleme-nozulu\/","title":{"rendered":"50 mm Yandan Besleme Nozulu"},"content":{"rendered":"<div>\n<h2>Yandan Besleme Nozulu<\/h2>\n<h3>Havuz Yandan Besleme Nozulu<\/h3>\n<h4>50 mm Besleme Nozulu<\/h4>\n<\/div>\n<div>Yandan Besleme Nozulu\u00a0ABS plastikten mamul.<\/div>\n<div>D\u0131\u015f \u00c7ap\u0131\u00a0\u00d8 45 mm.<\/div>\n<div>\u0130\u00e7 \u00c7ap\u0131\u00a0\u00a0\u00d8 40 mm.<\/div>\n<div><\/div>\n<div><\/div>\n<div><\/div>\n<div>1,5\u201d- Di\u015fsiz d\u0131\u015ftan yap\u0131\u015ft\u0131rmal\u0131.<\/div>\n<div>\n<p>Talep \u00fczerine \u00e7e\u015fitli se\u00e7enekler ve versiyonlar mevcuttur.<\/p>\n<p>Profesyoneller yada Bireyseller i\u00e7in y\u00fcksek kaliteli markalar\u0131, teknolojiye uygun \u00fcr\u00fcnleri <strong>Tuna Havuz<\/strong> olarak<br \/>\nT\u00fcrkiye\u2019nin d\u00f6rt bir yan\u0131na sunmaktay\u0131z. Ev Havuzu, Y\u00fczme Havuzu, Olimpik Havuzlar, Bah\u00e7e Havuzlar\u0131, G\u00f6letler ve<br \/>\nT\u00fcm Havuz \u0130htiya\u00e7lar\u0131n\u0131z\u0131 tam ve eksiksiz sa\u011flayabilmek i\u00e7in bir telefon kadar yak\u0131n\u0131n\u0131zday\u0131z&#8230;<\/p>\n<\/div>\n","protected":false},"excerpt":{"rendered":"<p>Yandan Besleme Nozulu Havuz Yandan Besleme Nozulu 50 mm Besleme Nozulu Yandan Besleme Nozulu\u00a0ABS plastikten mamul. D\u0131\u015f \u00c7ap\u0131\u00a0\u00d8 45 mm.<\/p>\n","protected":false},"featured_media":9380,"template":"","meta":[],"product_brand":[],"product_cat":[299,303,310,422],"product_tag":[],"class_list":{"0":"post-9379","1":"product","2":"type-product","3":"status-publish","4":"has-post-thumbnail","6":"product_cat-havuz-ekipmanlari","7":"product_cat-havuz-ici-ekipmanlar","8":"product_cat-havuz-nozullari","9":"product_cat-plastik-havuz-nozullari","11":"first","12":"instock","13":"taxable","14":"shipping-taxable","15":"product-type-simple"},"_links":{"self":[{"href":"https:\/\/tunahavuz.com\/online\/wp-json\/wp\/v2\/product\/9379","targetHints":{"allow":["GET"]}}],"collection":[{"href":"https:\/\/tunahavuz.com\/online\/wp-json\/wp\/v2\/product"}],"about":[{"href":"https:\/\/tunahavuz.com\/online\/wp-json\/wp\/v2\/types\/product"}],"version-history":[{"count":1,"href":"https:\/\/tunahavuz.com\/online\/wp-json\/wp\/v2\/product\/9379\/revisions"}],"predecessor-version":[{"id":29461,"href":"https:\/\/tunahavuz.com\/online\/wp-json\/wp\/v2\/product\/9379\/revisions\/29461"}],"wp:featuredmedia":[{"embeddable":true,"href":"https:\/\/tunahavuz.com\/online\/wp-json\/wp\/v2\/media\/9380"}],"wp:attachment":[{"href":"https:\/\/tunahavuz.com\/online\/wp-json\/wp\/v2\/media?parent=9379"}],"wp:term":[{"taxonomy":"product_brand","embeddable":true,"href":"https:\/\/tunahavuz.com\/online\/wp-json\/wp\/v2\/product_brand?post=9379"},{"taxonomy":"product_cat","embeddable":true,"href":"https:\/\/tunahavuz.com\/online\/wp-json\/wp\/v2\/product_cat?post=9379"},{"taxonomy":"product_tag","embeddable":true,"href":"https:\/\/tunahavuz.com\/online\/wp-json\/wp\/v2\/product_tag?post=9379"}],"curies":[{"name":"wp","href":"https:\/\/api.w.org\/{rel}","templated":true}]}}