{"id":9391,"date":"2022-12-21T04:12:55","date_gmt":"2022-12-21T01:12:55","guid":{"rendered":"https:\/\/tunahavuz.com\/?post_type=product&#038;p=9391"},"modified":"2025-08-07T11:50:17","modified_gmt":"2025-08-07T08:50:17","slug":"kelebek-vana-o-75-mm-pvc","status":"publish","type":"product","link":"https:\/\/tunahavuz.com\/online\/urun\/kelebek-vana-o-75-mm-pvc\/","title":{"rendered":"Kelebek Vana \u00d8 75 mm PVC"},"content":{"rendered":"<h1>Gema\u015f \u00d8 75 mm PVC Kelebek Vana<\/h1>\n<div><\/div>\n<div>Kole + flan\u015flar\u0131, c\u0131vatalar\u0131 ile komple.<\/div>\n<div><\/div>\n<div><img decoding=\"async\" src=\"https:\/\/havuzdan.myideasoft.com\/class\/INNOVAEditor\/assets\/gemas-pvc-kelebek-vana-131602.jpg\" alt=\"Gema\u015f Kelebek Vana\" border=\"0\" \/><\/div>\n<div><\/div>\n<div>Profesyoneller yada Bireyseller i\u00e7in y\u00fcksek kaliteli markalar\u0131, teknolojiye uygun \u00fcr\u00fcnleri <strong>Tuna Havuz<\/strong> olarak<br \/>\nT\u00fcrkiye\u2019nin d\u00f6rt bir yan\u0131na sunmaktay\u0131z. Ev Havuzu, Y\u00fczme Havuzu, Olimpik Havuzlar, Bah\u00e7e Havuzlar\u0131, G\u00f6letler ve<br \/>\nT\u00fcm Havuz \u0130htiya\u00e7lar\u0131n\u0131z\u0131 tam ve eksiksiz sa\u011flayabilmek i\u00e7in bir telefon kadar yak\u0131n\u0131n\u0131zday\u0131z&#8230;<\/div>\n","protected":false},"excerpt":{"rendered":"<p>Gema\u015f \u00d8 75 mm PVC Kelebek Vana Kole + flan\u015flar\u0131, c\u0131vatalar\u0131 ile komple. Profesyoneller yada Bireyseller i\u00e7in y\u00fcksek kaliteli markalar\u0131,<\/p>\n","protected":false},"featured_media":9392,"template":"","meta":[],"product_brand":[],"product_cat":[299,594,525],"product_tag":[],"class_list":{"0":"post-9391","1":"product","2":"type-product","3":"status-publish","4":"has-post-thumbnail","6":"product_cat-havuz-ekipmanlari","7":"product_cat-kelebek-vanalar","8":"product_cat-vanalar-ve-pvc-ek-parcalari","10":"first","11":"instock","12":"taxable","13":"shipping-taxable","14":"product-type-simple"},"_links":{"self":[{"href":"https:\/\/tunahavuz.com\/online\/wp-json\/wp\/v2\/product\/9391","targetHints":{"allow":["GET"]}}],"collection":[{"href":"https:\/\/tunahavuz.com\/online\/wp-json\/wp\/v2\/product"}],"about":[{"href":"https:\/\/tunahavuz.com\/online\/wp-json\/wp\/v2\/types\/product"}],"version-history":[{"count":1,"href":"https:\/\/tunahavuz.com\/online\/wp-json\/wp\/v2\/product\/9391\/revisions"}],"predecessor-version":[{"id":29456,"href":"https:\/\/tunahavuz.com\/online\/wp-json\/wp\/v2\/product\/9391\/revisions\/29456"}],"wp:featuredmedia":[{"embeddable":true,"href":"https:\/\/tunahavuz.com\/online\/wp-json\/wp\/v2\/media\/9392"}],"wp:attachment":[{"href":"https:\/\/tunahavuz.com\/online\/wp-json\/wp\/v2\/media?parent=9391"}],"wp:term":[{"taxonomy":"product_brand","embeddable":true,"href":"https:\/\/tunahavuz.com\/online\/wp-json\/wp\/v2\/product_brand?post=9391"},{"taxonomy":"product_cat","embeddable":true,"href":"https:\/\/tunahavuz.com\/online\/wp-json\/wp\/v2\/product_cat?post=9391"},{"taxonomy":"product_tag","embeddable":true,"href":"https:\/\/tunahavuz.com\/online\/wp-json\/wp\/v2\/product_tag?post=9391"}],"curies":[{"name":"wp","href":"https:\/\/api.w.org\/{rel}","templated":true}]}}