{"id":9400,"date":"2022-12-21T04:18:29","date_gmt":"2022-12-21T01:18:29","guid":{"rendered":"https:\/\/tunahavuz.com\/?post_type=product&#038;p=9400"},"modified":"2025-09-10T17:17:03","modified_gmt":"2025-09-10T14:17:03","slug":"ayarlanabilir-atlama-platformu-700-mm","status":"publish","type":"product","link":"https:\/\/tunahavuz.com\/online\/urun\/ayarlanabilir-atlama-platformu-700-mm\/","title":{"rendered":"Ayarlanabilir Atlama Platformu 700 mm"},"content":{"rendered":"<h1>yarlanabilir Atlama Platformu 700 mm<\/h1>\n<h1><\/h1>\n<h2>Gema\u015f Ayarlanabilir Atlama Platformu<\/h2>\n<h2><\/h2>\n<h2>Atlama Platformu \u00d6zellikleri :<\/h2>\n<h2>-AISI 304 kalite paslanmaz \u00e7elik silindirik g\u00f6vde.<\/h2>\n<h2>&#8211; Platform \u00f6ne veya arkaya 3 cm ayarlanabilir.<\/h2>\n<h2>&#8211; Tutamak da, ba\u011f\u0131ms\u0131z olarak 3 cm ayarlanabilir.<\/h2>\n<h2>&#8211; Kaygan olmayan y\u00fczeyli, polyester ve fiberglas<\/h2>\n<h2>&#8211; 500 x 500 mm platform.<\/h2>\n<h2>&#8211; Y\u00fckseklik 700 mm<\/h2>\n<h2><\/h2>\n<h2><img decoding=\"async\" src=\"https:\/\/www.havuzdan.com\/class\/INNOVAEditor\/assets\/ayarlanabilir-atlama-platformu-2-havuzdan-gemas-yukseklik-teknik-cizim.jpg\" alt=\"\" border=\"0\" \/><\/h2>\n<h2><\/h2>\n<h2><img decoding=\"async\" src=\"https:\/\/www.havuzdan.com\/class\/INNOVAEditor\/assets\/ayarlanabilir-atlama-platformu-2-havuzdan-gemas-yukseklik.jpg\" alt=\"\" border=\"0\" \/><\/h2>\n<p>&nbsp;<\/p>\n<p>Profesyoneller yada Bireyseller i\u00e7in y\u00fcksek kaliteli markalar\u0131, teknolojiye uygun \u00fcr\u00fcnleri <strong>Tuna Havuz<\/strong> olarak<br \/>\nT\u00fcrkiye\u2019nin d\u00f6rt bir yan\u0131na sunmaktay\u0131z. Ev Havuzu, Y\u00fczme Havuzu, Olimpik Havuzlar, Bah\u00e7e Havuzlar\u0131, G\u00f6letler ve<br \/>\nT\u00fcm Havuz \u0130htiya\u00e7lar\u0131n\u0131z\u0131 tam ve eksiksiz sa\u011flayabilmek i\u00e7in bir telefon kadar yak\u0131n\u0131n\u0131zday\u0131z&#8230;<\/p>\n","protected":false},"excerpt":{"rendered":"<p>yarlanabilir Atlama Platformu 700 mm Gema\u015f Ayarlanabilir Atlama Platformu Atlama Platformu \u00d6zellikleri : -AISI 304 kalite paslanmaz \u00e7elik silindirik g\u00f6vde.<\/p>\n","protected":false},"featured_media":9401,"template":"","meta":[],"product_brand":[],"product_cat":[553,299,399],"product_tag":[],"class_list":{"0":"post-9400","1":"product","2":"type-product","3":"status-publish","4":"has-post-thumbnail","6":"product_cat-atlama-platformlari","7":"product_cat-havuz-ekipmanlari","8":"product_cat-olimpik-havuz-aksesuarlari","10":"first","11":"instock","12":"taxable","13":"shipping-taxable","14":"product-type-simple"},"_links":{"self":[{"href":"https:\/\/tunahavuz.com\/online\/wp-json\/wp\/v2\/product\/9400","targetHints":{"allow":["GET"]}}],"collection":[{"href":"https:\/\/tunahavuz.com\/online\/wp-json\/wp\/v2\/product"}],"about":[{"href":"https:\/\/tunahavuz.com\/online\/wp-json\/wp\/v2\/types\/product"}],"version-history":[{"count":1,"href":"https:\/\/tunahavuz.com\/online\/wp-json\/wp\/v2\/product\/9400\/revisions"}],"predecessor-version":[{"id":29329,"href":"https:\/\/tunahavuz.com\/online\/wp-json\/wp\/v2\/product\/9400\/revisions\/29329"}],"wp:featuredmedia":[{"embeddable":true,"href":"https:\/\/tunahavuz.com\/online\/wp-json\/wp\/v2\/media\/9401"}],"wp:attachment":[{"href":"https:\/\/tunahavuz.com\/online\/wp-json\/wp\/v2\/media?parent=9400"}],"wp:term":[{"taxonomy":"product_brand","embeddable":true,"href":"https:\/\/tunahavuz.com\/online\/wp-json\/wp\/v2\/product_brand?post=9400"},{"taxonomy":"product_cat","embeddable":true,"href":"https:\/\/tunahavuz.com\/online\/wp-json\/wp\/v2\/product_cat?post=9400"},{"taxonomy":"product_tag","embeddable":true,"href":"https:\/\/tunahavuz.com\/online\/wp-json\/wp\/v2\/product_tag?post=9400"}],"curies":[{"name":"wp","href":"https:\/\/api.w.org\/{rel}","templated":true}]}}